{"id":456,"date":"2016-03-30T21:22:01","date_gmt":"2016-03-30T19:22:01","guid":{"rendered":"http:\/\/www.pfarrverband-salvator-mundi.de\/erscheinung-des-herrn\/?page_id=456"},"modified":"2016-03-30T21:53:19","modified_gmt":"2016-03-30T19:53:19","slug":"ziele","status":"publish","type":"page","link":"https:\/\/www.pfarrverband-salvator-mundi.de\/erscheinung-des-herrn\/kindergarten\/ziele\/","title":{"rendered":"Ziele"},"content":{"rendered":"<h1>Unsere Ziele<\/h1>\n<table>\n<colgroup>\n<col width=\"200\" \/>\n<col width=\"200\" \/><\/colgroup>\n<tbody>\n<tr>\n<td><strong>Unsere Ziele sind<\/strong><\/td>\n<td><strong>So setzen wir sie um<\/strong><\/td>\n<\/tr>\n<tr>\n<td>Religi\u00f6se Bildung und Erziehung<\/td>\n<td>Gestalten von Gottesdiensten, biblische Erz\u00e4hlungen, Gebete<\/td>\n<\/tr>\n<tr>\n<td>Emotionalit\u00e4t und soziale Beziehungen<\/td>\n<td>Kontakt zu anderen, Verantwortung f\u00fcr sich und andere, lernen, eigene Gef\u00fchle zu erkennen<\/td>\n<\/tr>\n<tr>\n<td>Sprachliche Bildung<\/td>\n<td>Bilderb\u00fccher, Gedichte, Sprachprogramm, Geschichten<\/td>\n<\/tr>\n<tr>\n<td>Mathematische Bildung und naturwissenschaftlich-technisches Verst\u00e4ndnis<\/td>\n<td>Spielerisch Zahlen- und Formenverst\u00e4ndnis f\u00f6rdern, Experimente<\/td>\n<\/tr>\n<tr>\n<td>Umweltbildung und -erziehung<\/td>\n<td>Verschiedene Lebensr\u00e4ume erfahren und kennen lernen<\/td>\n<\/tr>\n<tr>\n<td>Medienbildung und -erziehung<\/td>\n<td>Computer f\u00fcr Kinder, Kinobesuche, Dias<\/td>\n<\/tr>\n<tr>\n<td>\u00c4sthetische, bildnerische Bildung und Erziehung<\/td>\n<td>freies bildnerisches Gestalten, Gestalten nach Vorgaben<\/td>\n<\/tr>\n<tr>\n<td>Musikalische Bildung und Erziehung<\/td>\n<td>Lieder mit Orff-Instrumenten, Klanggeschichten, Pflege von altem und neuem Liedgut<\/td>\n<\/tr>\n<tr>\n<td>Bewegungserziehung und -f\u00f6rderung<\/td>\n<td>Gezielte Angebote im Turnraum, freies Spiel im Garten, Aktionen au\u00dferhalb des Gartens<\/td>\n<\/tr>\n<tr>\n<td>Gesundheitserziehung<\/td>\n<td>Hygienische Grundregeln, Kennenlernen und Zubereiten verschiedener Lebensmittel<\/td>\n<\/tr>\n<\/tbody>\n<\/table>\n","protected":false},"excerpt":{"rendered":"<p>Unsere Ziele Unsere Ziele sind So setzen wir sie um Religi\u00f6se Bildung und Erziehung Gestalten von Gottesdiensten, biblische Erz\u00e4hlungen, Gebete Emotionalit\u00e4t und soziale Beziehungen Kontakt zu anderen, Verantwortung f\u00fcr sich und andere, lernen, eigene Gef\u00fchle zu erkennen Sprachliche Bildung Bilderb\u00fccher, Gedichte, Sprachprogramm, Geschichten Mathematische Bildung und naturwissenschaftlich-technisches Verst\u00e4ndnis Spielerisch Zahlen- und Formenverst\u00e4ndnis f\u00f6rdern, Experimente Umweltbildung [&hellip;]<\/p>\n","protected":false},"author":1,"featured_media":0,"parent":65,"menu_order":3,"comment_status":"closed","ping_status":"closed","template":"","meta":{"ngg_post_thumbnail":0,"footnotes":""},"class_list":["post-456","page","type-page","status-publish","czr-hentry"],"yoast_head":"<!-- This site is optimized with the Yoast SEO plugin v27.5 - https:\/\/yoast.com\/product\/yoast-seo-wordpress\/ -->\n<title>Ziele - Pfarrei Erscheinung des Herrn<\/title>\n<meta name=\"robots\" content=\"index, follow, max-snippet:-1, max-image-preview:large, max-video-preview:-1\" \/>\n<link rel=\"canonical\" href=\"https:\/\/www.pfarrverband-salvator-mundi.de\/erscheinung-des-herrn\/kindergarten\/ziele\/\" \/>\n<meta property=\"og:locale\" content=\"de_DE\" \/>\n<meta property=\"og:type\" content=\"article\" \/>\n<meta property=\"og:title\" content=\"Ziele - Pfarrei Erscheinung des Herrn\" \/>\n<meta property=\"og:description\" content=\"Unsere Ziele Unsere Ziele sind So setzen wir sie um Religi\u00f6se Bildung und Erziehung Gestalten von Gottesdiensten, biblische Erz\u00e4hlungen, Gebete Emotionalit\u00e4t und soziale Beziehungen Kontakt zu anderen, Verantwortung f\u00fcr sich und andere, lernen, eigene Gef\u00fchle zu erkennen Sprachliche Bildung Bilderb\u00fccher, Gedichte, Sprachprogramm, Geschichten Mathematische Bildung und naturwissenschaftlich-technisches Verst\u00e4ndnis Spielerisch Zahlen- und Formenverst\u00e4ndnis f\u00f6rdern, Experimente Umweltbildung [&hellip;]\" \/>\n<meta property=\"og:url\" content=\"https:\/\/www.pfarrverband-salvator-mundi.de\/erscheinung-des-herrn\/kindergarten\/ziele\/\" \/>\n<meta property=\"og:site_name\" content=\"Pfarrei Erscheinung des Herrn\" \/>\n<meta property=\"article:modified_time\" content=\"2016-03-30T19:53:19+00:00\" \/>\n<meta name=\"twitter:card\" content=\"summary_large_image\" \/>\n<meta name=\"twitter:label1\" content=\"Gesch\u00e4tzte Lesezeit\" \/>\n\t<meta name=\"twitter:data1\" content=\"1\u00a0Minute\" \/>\n<script type=\"application\/ld+json\" class=\"yoast-schema-graph\">{\"@context\":\"https:\\\/\\\/schema.org\",\"@graph\":[{\"@type\":\"WebPage\",\"@id\":\"https:\\\/\\\/www.pfarrverband-salvator-mundi.de\\\/erscheinung-des-herrn\\\/kindergarten\\\/ziele\\\/\",\"url\":\"https:\\\/\\\/www.pfarrverband-salvator-mundi.de\\\/erscheinung-des-herrn\\\/kindergarten\\\/ziele\\\/\",\"name\":\"Ziele - Pfarrei Erscheinung des Herrn\",\"isPartOf\":{\"@id\":\"https:\\\/\\\/www.pfarrverband-salvator-mundi.de\\\/erscheinung-des-herrn\\\/#website\"},\"datePublished\":\"2016-03-30T19:22:01+00:00\",\"dateModified\":\"2016-03-30T19:53:19+00:00\",\"breadcrumb\":{\"@id\":\"https:\\\/\\\/www.pfarrverband-salvator-mundi.de\\\/erscheinung-des-herrn\\\/kindergarten\\\/ziele\\\/#breadcrumb\"},\"inLanguage\":\"de\",\"potentialAction\":[{\"@type\":\"ReadAction\",\"target\":[\"https:\\\/\\\/www.pfarrverband-salvator-mundi.de\\\/erscheinung-des-herrn\\\/kindergarten\\\/ziele\\\/\"]}]},{\"@type\":\"BreadcrumbList\",\"@id\":\"https:\\\/\\\/www.pfarrverband-salvator-mundi.de\\\/erscheinung-des-herrn\\\/kindergarten\\\/ziele\\\/#breadcrumb\",\"itemListElement\":[{\"@type\":\"ListItem\",\"position\":1,\"name\":\"Home\",\"item\":\"https:\\\/\\\/www.pfarrverband-salvator-mundi.de\\\/erscheinung-des-herrn\\\/\"},{\"@type\":\"ListItem\",\"position\":2,\"name\":\"Kindergarten\",\"item\":\"https:\\\/\\\/www.pfarrverband-salvator-mundi.de\\\/erscheinung-des-herrn\\\/kindergarten\\\/\"},{\"@type\":\"ListItem\",\"position\":3,\"name\":\"Ziele\"}]},{\"@type\":\"WebSite\",\"@id\":\"https:\\\/\\\/www.pfarrverband-salvator-mundi.de\\\/erscheinung-des-herrn\\\/#website\",\"url\":\"https:\\\/\\\/www.pfarrverband-salvator-mundi.de\\\/erscheinung-des-herrn\\\/\",\"name\":\"Pfarrei Erscheinung des Herrn\",\"description\":\"Teil des Pfarrverbands Salvator Mundi\",\"potentialAction\":[{\"@type\":\"SearchAction\",\"target\":{\"@type\":\"EntryPoint\",\"urlTemplate\":\"https:\\\/\\\/www.pfarrverband-salvator-mundi.de\\\/erscheinung-des-herrn\\\/?s={search_term_string}\"},\"query-input\":{\"@type\":\"PropertyValueSpecification\",\"valueRequired\":true,\"valueName\":\"search_term_string\"}}],\"inLanguage\":\"de\"}]}<\/script>\n<!-- \/ Yoast SEO plugin. -->","yoast_head_json":{"title":"Ziele - Pfarrei Erscheinung des Herrn","robots":{"index":"index","follow":"follow","max-snippet":"max-snippet:-1","max-image-preview":"max-image-preview:large","max-video-preview":"max-video-preview:-1"},"canonical":"https:\/\/www.pfarrverband-salvator-mundi.de\/erscheinung-des-herrn\/kindergarten\/ziele\/","og_locale":"de_DE","og_type":"article","og_title":"Ziele - Pfarrei Erscheinung des Herrn","og_description":"Unsere Ziele Unsere Ziele sind So setzen wir sie um Religi\u00f6se Bildung und Erziehung Gestalten von Gottesdiensten, biblische Erz\u00e4hlungen, Gebete Emotionalit\u00e4t und soziale Beziehungen Kontakt zu anderen, Verantwortung f\u00fcr sich und andere, lernen, eigene Gef\u00fchle zu erkennen Sprachliche Bildung Bilderb\u00fccher, Gedichte, Sprachprogramm, Geschichten Mathematische Bildung und naturwissenschaftlich-technisches Verst\u00e4ndnis Spielerisch Zahlen- und Formenverst\u00e4ndnis f\u00f6rdern, Experimente Umweltbildung [&hellip;]","og_url":"https:\/\/www.pfarrverband-salvator-mundi.de\/erscheinung-des-herrn\/kindergarten\/ziele\/","og_site_name":"Pfarrei Erscheinung des Herrn","article_modified_time":"2016-03-30T19:53:19+00:00","twitter_card":"summary_large_image","twitter_misc":{"Gesch\u00e4tzte Lesezeit":"1\u00a0Minute"},"schema":{"@context":"https:\/\/schema.org","@graph":[{"@type":"WebPage","@id":"https:\/\/www.pfarrverband-salvator-mundi.de\/erscheinung-des-herrn\/kindergarten\/ziele\/","url":"https:\/\/www.pfarrverband-salvator-mundi.de\/erscheinung-des-herrn\/kindergarten\/ziele\/","name":"Ziele - Pfarrei Erscheinung des Herrn","isPartOf":{"@id":"https:\/\/www.pfarrverband-salvator-mundi.de\/erscheinung-des-herrn\/#website"},"datePublished":"2016-03-30T19:22:01+00:00","dateModified":"2016-03-30T19:53:19+00:00","breadcrumb":{"@id":"https:\/\/www.pfarrverband-salvator-mundi.de\/erscheinung-des-herrn\/kindergarten\/ziele\/#breadcrumb"},"inLanguage":"de","potentialAction":[{"@type":"ReadAction","target":["https:\/\/www.pfarrverband-salvator-mundi.de\/erscheinung-des-herrn\/kindergarten\/ziele\/"]}]},{"@type":"BreadcrumbList","@id":"https:\/\/www.pfarrverband-salvator-mundi.de\/erscheinung-des-herrn\/kindergarten\/ziele\/#breadcrumb","itemListElement":[{"@type":"ListItem","position":1,"name":"Home","item":"https:\/\/www.pfarrverband-salvator-mundi.de\/erscheinung-des-herrn\/"},{"@type":"ListItem","position":2,"name":"Kindergarten","item":"https:\/\/www.pfarrverband-salvator-mundi.de\/erscheinung-des-herrn\/kindergarten\/"},{"@type":"ListItem","position":3,"name":"Ziele"}]},{"@type":"WebSite","@id":"https:\/\/www.pfarrverband-salvator-mundi.de\/erscheinung-des-herrn\/#website","url":"https:\/\/www.pfarrverband-salvator-mundi.de\/erscheinung-des-herrn\/","name":"Pfarrei Erscheinung des Herrn","description":"Teil des Pfarrverbands Salvator Mundi","potentialAction":[{"@type":"SearchAction","target":{"@type":"EntryPoint","urlTemplate":"https:\/\/www.pfarrverband-salvator-mundi.de\/erscheinung-des-herrn\/?s={search_term_string}"},"query-input":{"@type":"PropertyValueSpecification","valueRequired":true,"valueName":"search_term_string"}}],"inLanguage":"de"}]}},"_links":{"self":[{"href":"https:\/\/www.pfarrverband-salvator-mundi.de\/erscheinung-des-herrn\/wp-json\/wp\/v2\/pages\/456","targetHints":{"allow":["GET"]}}],"collection":[{"href":"https:\/\/www.pfarrverband-salvator-mundi.de\/erscheinung-des-herrn\/wp-json\/wp\/v2\/pages"}],"about":[{"href":"https:\/\/www.pfarrverband-salvator-mundi.de\/erscheinung-des-herrn\/wp-json\/wp\/v2\/types\/page"}],"author":[{"embeddable":true,"href":"https:\/\/www.pfarrverband-salvator-mundi.de\/erscheinung-des-herrn\/wp-json\/wp\/v2\/users\/1"}],"replies":[{"embeddable":true,"href":"https:\/\/www.pfarrverband-salvator-mundi.de\/erscheinung-des-herrn\/wp-json\/wp\/v2\/comments?post=456"}],"version-history":[{"count":5,"href":"https:\/\/www.pfarrverband-salvator-mundi.de\/erscheinung-des-herrn\/wp-json\/wp\/v2\/pages\/456\/revisions"}],"predecessor-version":[{"id":462,"href":"https:\/\/www.pfarrverband-salvator-mundi.de\/erscheinung-des-herrn\/wp-json\/wp\/v2\/pages\/456\/revisions\/462"}],"up":[{"embeddable":true,"href":"https:\/\/www.pfarrverband-salvator-mundi.de\/erscheinung-des-herrn\/wp-json\/wp\/v2\/pages\/65"}],"wp:attachment":[{"href":"https:\/\/www.pfarrverband-salvator-mundi.de\/erscheinung-des-herrn\/wp-json\/wp\/v2\/media?parent=456"}],"curies":[{"name":"wp","href":"https:\/\/api.w.org\/{rel}","templated":true}]}}

<h1>Unsere Ziele</h1>
<table>
<colgroup>
<col width="200" />
<col width="200" /></colgroup>
<tbody>
<tr>
<td><strong>Unsere Ziele sind</strong></td>
<td><strong>So setzen wir sie um</strong></td>
</tr>
<tr>
<td>Religiöse Bildung und Erziehung</td>
<td>Gestalten von Gottesdiensten, biblische Erzählungen, Gebete</td>
</tr>
<tr>
<td>Emotionalität und soziale Beziehungen</td>
<td>Kontakt zu anderen, Verantwortung für sich und andere, lernen, eigene Gefühle zu erkennen</td>
</tr>
<tr>
<td>Sprachliche Bildung</td>
<td>Bilderbücher, Gedichte, Sprachprogramm, Geschichten</td>
</tr>
<tr>
<td>Mathematische Bildung und naturwissenschaftlich-technisches Verständnis</td>
<td>Spielerisch Zahlen- und Formenverständnis fördern, Experimente</td>
</tr>
<tr>
<td>Umweltbildung und -erziehung</td>
<td>Verschiedene Lebensräume erfahren und kennen lernen</td>
</tr>
<tr>
<td>Medienbildung und -erziehung</td>
<td>Computer für Kinder, Kinobesuche, Dias</td>
</tr>
<tr>
<td>Ästhetische, bildnerische Bildung und Erziehung</td>
<td>freies bildnerisches Gestalten, Gestalten nach Vorgaben</td>
</tr>
<tr>
<td>Musikalische Bildung und Erziehung</td>
<td>Lieder mit Orff-Instrumenten, Klanggeschichten, Pflege von altem und neuem Liedgut</td>
</tr>
<tr>
<td>Bewegungserziehung und -förderung</td>
<td>Gezielte Angebote im Turnraum, freies Spiel im Garten, Aktionen außerhalb des Gartens</td>
</tr>
<tr>
<td>Gesundheitserziehung</td>
<td>Hygienische Grundregeln, Kennenlernen und Zubereiten verschiedener Lebensmittel</td>
</tr>
</tbody>
</table>

<p>Unsere Ziele Unsere Ziele sind So setzen wir sie um Religiöse Bildung und Erziehung Gestalten von Gottesdiensten, biblische Erzählungen, Gebete Emotionalität und soziale Beziehungen Kontakt zu anderen, Verantwortung für sich und andere, lernen, eigene Gefühle zu erkennen Sprachliche Bildung Bilderbücher, Gedichte, Sprachprogramm, Geschichten Mathematische Bildung und naturwissenschaftlich-technisches Verständnis Spielerisch Zahlen- und Formenverständnis fördern, Experimente Umweltbildung [&hellip;]</p>

<!-- This site is optimized with the Yoast SEO plugin v27.5 - https://yoast.com/product/yoast-seo-wordpress/ -->
<title>Ziele - Pfarrei Erscheinung des Herrn</title>
<meta name="robots" content="index, follow, max-snippet:-1, max-image-preview:large, max-video-preview:-1" />
<link rel="canonical" href="https://www.pfarrverband-salvator-mundi.de/erscheinung-des-herrn/kindergarten/ziele/" />
<meta property="og:locale" content="de_DE" />
<meta property="og:type" content="article" />
<meta property="og:title" content="Ziele - Pfarrei Erscheinung des Herrn" />
<meta property="og:description" content="Unsere Ziele Unsere Ziele sind So setzen wir sie um Religiöse Bildung und Erziehung Gestalten von Gottesdiensten, biblische Erzählungen, Gebete Emotionalität und soziale Beziehungen Kontakt zu anderen, Verantwortung für sich und andere, lernen, eigene Gefühle zu erkennen Sprachliche Bildung Bilderbücher, Gedichte, Sprachprogramm, Geschichten Mathematische Bildung und naturwissenschaftlich-technisches Verständnis Spielerisch Zahlen- und Formenverständnis fördern, Experimente Umweltbildung [&hellip;]" />
<meta property="og:url" content="https://www.pfarrverband-salvator-mundi.de/erscheinung-des-herrn/kindergarten/ziele/" />
<meta property="og:site_name" content="Pfarrei Erscheinung des Herrn" />
<meta property="article:modified_time" content="2016-03-30T19:53:19+00:00" />
<meta name="twitter:card" content="summary_large_image" />
<meta name="twitter:label1" content="Geschätzte Lesezeit" />
	<meta name="twitter:data1" content="1 Minute" />
<script type="application/ld+json" class="yoast-schema-graph">{"@context":"https:\/\/schema.org","@graph":[{"@type":"WebPage","@id":"https:\/\/www.pfarrverband-salvator-mundi.de\/erscheinung-des-herrn\/kindergarten\/ziele\/","url":"https:\/\/www.pfarrverband-salvator-mundi.de\/erscheinung-des-herrn\/kindergarten\/ziele\/","name":"Ziele - Pfarrei Erscheinung des Herrn","isPartOf":{"@id":"https:\/\/www.pfarrverband-salvator-mundi.de\/erscheinung-des-herrn\/#website"},"datePublished":"2016-03-30T19:22:01+00:00","dateModified":"2016-03-30T19:53:19+00:00","breadcrumb":{"@id":"https:\/\/www.pfarrverband-salvator-mundi.de\/erscheinung-des-herrn\/kindergarten\/ziele\/#breadcrumb"},"inLanguage":"de","potentialAction":[{"@type":"ReadAction","target":["https:\/\/www.pfarrverband-salvator-mundi.de\/erscheinung-des-herrn\/kindergarten\/ziele\/"]}]},{"@type":"BreadcrumbList","@id":"https:\/\/www.pfarrverband-salvator-mundi.de\/erscheinung-des-herrn\/kindergarten\/ziele\/#breadcrumb","itemListElement":[{"@type":"ListItem","position":1,"name":"Home","item":"https:\/\/www.pfarrverband-salvator-mundi.de\/erscheinung-des-herrn\/"},{"@type":"ListItem","position":2,"name":"Kindergarten","item":"https:\/\/www.pfarrverband-salvator-mundi.de\/erscheinung-des-herrn\/kindergarten\/"},{"@type":"ListItem","position":3,"name":"Ziele"}]},{"@type":"WebSite","@id":"https:\/\/www.pfarrverband-salvator-mundi.de\/erscheinung-des-herrn\/#website","url":"https:\/\/www.pfarrverband-salvator-mundi.de\/erscheinung-des-herrn\/","name":"Pfarrei Erscheinung des Herrn","description":"Teil des Pfarrverbands Salvator Mundi","potentialAction":[{"@type":"SearchAction","target":{"@type":"EntryPoint","urlTemplate":"https:\/\/www.pfarrverband-salvator-mundi.de\/erscheinung-des-herrn\/?s={search_term_string}"},"query-input":{"@type":"PropertyValueSpecification","valueRequired":true,"valueName":"search_term_string"}}],"inLanguage":"de"}]}</script>
<!-- / Yoast SEO plugin. -->

Unsere Ziele Unsere Ziele sind So setzen wir sie um Religiöse Bildung und Erziehung Gestalten von Gottesdiensten, biblische Erzählungen, Gebete Emotionalität und soziale Beziehungen Kontakt zu anderen, Verantwortung für sich und andere, lernen, eigene Gefühle zu erkennen Sprachliche Bildung Bilderbücher, Gedichte, Sprachprogramm, Geschichten Mathematische Bildung und naturwissenschaftlich-technisches Verständnis Spielerisch Zahlen- und Formenverständnis fördern, Experimente Umweltbildung [&hellip;]
