{"id":9807,"date":"2022-01-13T10:04:39","date_gmt":"2022-01-13T09:04:39","guid":{"rendered":"https:\/\/www.pfarrverband-salvator-mundi.de\/erscheinung-des-herrn\/?page_id=9807"},"modified":"2022-01-13T10:04:52","modified_gmt":"2022-01-13T09:04:52","slug":"sternen-mobile-zu-weihnachten-2021","status":"publish","type":"page","link":"https:\/\/www.pfarrverband-salvator-mundi.de\/erscheinung-des-herrn\/musik\/sternen-mobile-zu-weihnachten-2021\/","title":{"rendered":"Sternen-Mobile zu Weihnachten 2021"},"content":{"rendered":"<div class=\"miniplayer style-scope ytd-miniplayer\" role=\"dialog\">\n<h2 id=\"card\" class=\"style-scope ytd-miniplayer\"><span class=\"style-scope yt-formatted-string\" dir=\"auto\">Sternen-Mobile zu Weihnachten 2021<\/span><\/h2>\n<p><iframe loading=\"lazy\" title=\"YouTube video player\" src=\"https:\/\/www.youtube.com\/embed\/6FOzJ4MyXx0\" allowfullscreen=\"allowfullscreen\" data-mce-fragment=\"1\" width=\"560\" height=\"315\" frameborder=\"0\"><\/iframe><\/p>\n<h5><span class=\"style-scope yt-formatted-string\" dir=\"auto\"><strong>Die Entstehung der Kunstinstallation<\/strong> <\/span><\/h5>\n<p><span class=\"style-scope yt-formatted-string\" dir=\"auto\"><strong>Entwurf und Bau der Sterne:<\/strong><br \/>\nJutta Michel-Becher und Jens Michel<br \/>\n<\/span><span class=\"style-scope yt-formatted-string\" dir=\"auto\">Aufh\u00e4ngung und Beleuchtung: Nick Pirchtner <\/span><\/p>\n<p><span class=\"style-scope yt-formatted-string\" dir=\"auto\"><strong>Musik:<\/strong><br \/>\n<strong>N\u00e4r det lider mot jul<\/strong><br \/>\nText: Jeanna Louise Oterdahl<br \/>\nMusik: Ruben Mattias Liljefors <\/span><\/p>\n<p><span class=\"style-scope yt-formatted-string\" dir=\"auto\"><strong>Bethlehems Stj\u00e4rna<\/strong><br \/>\nText: Viktor Rydberg<br \/>\nMusik Alice Tegn\u00e9r <\/span><\/p>\n<p><span class=\"style-scope yt-formatted-string\" dir=\"auto\"><strong>Jul,jul,str\u00e5lande jul<\/strong><br \/>\nText: Edvard Evers<br \/>\nMusik: Gustaf Nordqvist <\/span><\/p>\n<p><span class=\"style-scope yt-formatted-string\" dir=\"auto\"><strong>Hier bleiben wir steh&#8217;n<\/strong><br \/>\nText und Musik: Jutta Michel-Becher <\/span><\/p>\n<p><span class=\"style-scope yt-formatted-string\" dir=\"auto\"><strong>K\u00fcnstler:<\/strong><br \/>\nHimani Grundstr\u00f6m, Sopran \u2013 Kinderchor EdH \u2013 Jutta Michel-Becher, Klavier <\/span><\/p>\n<p><span class=\"style-scope yt-formatted-string\" dir=\"auto\"><strong>Film- und Tonaufnahmen in der Pfarrkirche Erscheinung des Herrn<\/strong><br \/>\nFotos von Jutta Michel-Becher, Franz Holzapfel, Thomas Hoffmann <\/span><\/p>\n<p><span class=\"style-scope yt-formatted-string\" dir=\"auto\"><strong>Filmaufnahme und Schnitt: <\/strong><br \/>\n<\/span><span class=\"style-scope yt-formatted-string\" dir=\"auto\">Franz Holzapfel <\/span><\/p>\n<p><strong><span class=\"style-scope yt-formatted-string\" dir=\"auto\">Ganz herzlichen Dank an alle K\u00fcnstler, die die Sterne durch ihre Folien so wunderbar zum Leuchten bringen, sagt Euch Euer Kindermettenteam: Claudia Mitterreiter, Jutta Michel-Becher und Rudi Greil<\/span><\/strong><\/p>\n<\/div>\n<hr>\n","protected":false},"excerpt":{"rendered":"<p>Sternen-Mobile zu Weihnachten 2021 Die Entstehung der Kunstinstallation Entwurf und Bau der Sterne: Jutta Michel-Becher und Jens Michel Aufh\u00e4ngung und Beleuchtung: Nick Pirchtner Musik: N\u00e4r det lider mot jul Text: Jeanna Louise Oterdahl Musik: Ruben Mattias Liljefors Bethlehems Stj\u00e4rna Text: Viktor Rydberg Musik Alice Tegn\u00e9r Jul,jul,str\u00e5lande jul Text: Edvard Evers Musik: Gustaf Nordqvist Hier bleiben [&hellip;]<\/p>\n","protected":false},"author":1,"featured_media":0,"parent":61,"menu_order":0,"comment_status":"closed","ping_status":"closed","template":"","meta":{"ngg_post_thumbnail":0,"footnotes":""},"class_list":["post-9807","page","type-page","status-publish","czr-hentry"],"yoast_head":"<!-- This site is optimized with the Yoast SEO plugin v27.5 - https:\/\/yoast.com\/product\/yoast-seo-wordpress\/ -->\n<title>Sternen-Mobile zu Weihnachten 2021 - Pfarrei Erscheinung des Herrn<\/title>\n<meta name=\"robots\" content=\"index, follow, max-snippet:-1, max-image-preview:large, max-video-preview:-1\" \/>\n<link rel=\"canonical\" href=\"https:\/\/www.pfarrverband-salvator-mundi.de\/erscheinung-des-herrn\/musik\/sternen-mobile-zu-weihnachten-2021\/\" \/>\n<meta property=\"og:locale\" content=\"de_DE\" \/>\n<meta property=\"og:type\" content=\"article\" \/>\n<meta property=\"og:title\" content=\"Sternen-Mobile zu Weihnachten 2021 - Pfarrei Erscheinung des Herrn\" \/>\n<meta property=\"og:description\" content=\"Sternen-Mobile zu Weihnachten 2021 Die Entstehung der Kunstinstallation Entwurf und Bau der Sterne: Jutta Michel-Becher und Jens Michel Aufh\u00e4ngung und Beleuchtung: Nick Pirchtner Musik: N\u00e4r det lider mot jul Text: Jeanna Louise Oterdahl Musik: Ruben Mattias Liljefors Bethlehems Stj\u00e4rna Text: Viktor Rydberg Musik Alice Tegn\u00e9r Jul,jul,str\u00e5lande jul Text: Edvard Evers Musik: Gustaf Nordqvist Hier bleiben [&hellip;]\" \/>\n<meta property=\"og:url\" content=\"https:\/\/www.pfarrverband-salvator-mundi.de\/erscheinung-des-herrn\/musik\/sternen-mobile-zu-weihnachten-2021\/\" \/>\n<meta property=\"og:site_name\" content=\"Pfarrei Erscheinung des Herrn\" \/>\n<meta property=\"article:modified_time\" content=\"2022-01-13T09:04:52+00:00\" \/>\n<meta name=\"twitter:card\" content=\"summary_large_image\" \/>\n<meta name=\"twitter:label1\" content=\"Gesch\u00e4tzte Lesezeit\" \/>\n\t<meta name=\"twitter:data1\" content=\"1\u00a0Minute\" \/>\n<script type=\"application\/ld+json\" class=\"yoast-schema-graph\">{\"@context\":\"https:\\\/\\\/schema.org\",\"@graph\":[{\"@type\":\"WebPage\",\"@id\":\"https:\\\/\\\/www.pfarrverband-salvator-mundi.de\\\/erscheinung-des-herrn\\\/musik\\\/sternen-mobile-zu-weihnachten-2021\\\/\",\"url\":\"https:\\\/\\\/www.pfarrverband-salvator-mundi.de\\\/erscheinung-des-herrn\\\/musik\\\/sternen-mobile-zu-weihnachten-2021\\\/\",\"name\":\"Sternen-Mobile zu Weihnachten 2021 - Pfarrei Erscheinung des Herrn\",\"isPartOf\":{\"@id\":\"https:\\\/\\\/www.pfarrverband-salvator-mundi.de\\\/erscheinung-des-herrn\\\/#website\"},\"datePublished\":\"2022-01-13T09:04:39+00:00\",\"dateModified\":\"2022-01-13T09:04:52+00:00\",\"breadcrumb\":{\"@id\":\"https:\\\/\\\/www.pfarrverband-salvator-mundi.de\\\/erscheinung-des-herrn\\\/musik\\\/sternen-mobile-zu-weihnachten-2021\\\/#breadcrumb\"},\"inLanguage\":\"de\",\"potentialAction\":[{\"@type\":\"ReadAction\",\"target\":[\"https:\\\/\\\/www.pfarrverband-salvator-mundi.de\\\/erscheinung-des-herrn\\\/musik\\\/sternen-mobile-zu-weihnachten-2021\\\/\"]}]},{\"@type\":\"BreadcrumbList\",\"@id\":\"https:\\\/\\\/www.pfarrverband-salvator-mundi.de\\\/erscheinung-des-herrn\\\/musik\\\/sternen-mobile-zu-weihnachten-2021\\\/#breadcrumb\",\"itemListElement\":[{\"@type\":\"ListItem\",\"position\":1,\"name\":\"Home\",\"item\":\"https:\\\/\\\/www.pfarrverband-salvator-mundi.de\\\/erscheinung-des-herrn\\\/\"},{\"@type\":\"ListItem\",\"position\":2,\"name\":\"Musik\",\"item\":\"https:\\\/\\\/www.pfarrverband-salvator-mundi.de\\\/erscheinung-des-herrn\\\/musik\\\/\"},{\"@type\":\"ListItem\",\"position\":3,\"name\":\"Sternen-Mobile zu Weihnachten 2021\"}]},{\"@type\":\"WebSite\",\"@id\":\"https:\\\/\\\/www.pfarrverband-salvator-mundi.de\\\/erscheinung-des-herrn\\\/#website\",\"url\":\"https:\\\/\\\/www.pfarrverband-salvator-mundi.de\\\/erscheinung-des-herrn\\\/\",\"name\":\"Pfarrei Erscheinung des Herrn\",\"description\":\"Teil des Pfarrverbands Salvator Mundi\",\"potentialAction\":[{\"@type\":\"SearchAction\",\"target\":{\"@type\":\"EntryPoint\",\"urlTemplate\":\"https:\\\/\\\/www.pfarrverband-salvator-mundi.de\\\/erscheinung-des-herrn\\\/?s={search_term_string}\"},\"query-input\":{\"@type\":\"PropertyValueSpecification\",\"valueRequired\":true,\"valueName\":\"search_term_string\"}}],\"inLanguage\":\"de\"}]}<\/script>\n<!-- \/ Yoast SEO plugin. -->","yoast_head_json":{"title":"Sternen-Mobile zu Weihnachten 2021 - Pfarrei Erscheinung des Herrn","robots":{"index":"index","follow":"follow","max-snippet":"max-snippet:-1","max-image-preview":"max-image-preview:large","max-video-preview":"max-video-preview:-1"},"canonical":"https:\/\/www.pfarrverband-salvator-mundi.de\/erscheinung-des-herrn\/musik\/sternen-mobile-zu-weihnachten-2021\/","og_locale":"de_DE","og_type":"article","og_title":"Sternen-Mobile zu Weihnachten 2021 - Pfarrei Erscheinung des Herrn","og_description":"Sternen-Mobile zu Weihnachten 2021 Die Entstehung der Kunstinstallation Entwurf und Bau der Sterne: Jutta Michel-Becher und Jens Michel Aufh\u00e4ngung und Beleuchtung: Nick Pirchtner Musik: N\u00e4r det lider mot jul Text: Jeanna Louise Oterdahl Musik: Ruben Mattias Liljefors Bethlehems Stj\u00e4rna Text: Viktor Rydberg Musik Alice Tegn\u00e9r Jul,jul,str\u00e5lande jul Text: Edvard Evers Musik: Gustaf Nordqvist Hier bleiben [&hellip;]","og_url":"https:\/\/www.pfarrverband-salvator-mundi.de\/erscheinung-des-herrn\/musik\/sternen-mobile-zu-weihnachten-2021\/","og_site_name":"Pfarrei Erscheinung des Herrn","article_modified_time":"2022-01-13T09:04:52+00:00","twitter_card":"summary_large_image","twitter_misc":{"Gesch\u00e4tzte Lesezeit":"1\u00a0Minute"},"schema":{"@context":"https:\/\/schema.org","@graph":[{"@type":"WebPage","@id":"https:\/\/www.pfarrverband-salvator-mundi.de\/erscheinung-des-herrn\/musik\/sternen-mobile-zu-weihnachten-2021\/","url":"https:\/\/www.pfarrverband-salvator-mundi.de\/erscheinung-des-herrn\/musik\/sternen-mobile-zu-weihnachten-2021\/","name":"Sternen-Mobile zu Weihnachten 2021 - Pfarrei Erscheinung des Herrn","isPartOf":{"@id":"https:\/\/www.pfarrverband-salvator-mundi.de\/erscheinung-des-herrn\/#website"},"datePublished":"2022-01-13T09:04:39+00:00","dateModified":"2022-01-13T09:04:52+00:00","breadcrumb":{"@id":"https:\/\/www.pfarrverband-salvator-mundi.de\/erscheinung-des-herrn\/musik\/sternen-mobile-zu-weihnachten-2021\/#breadcrumb"},"inLanguage":"de","potentialAction":[{"@type":"ReadAction","target":["https:\/\/www.pfarrverband-salvator-mundi.de\/erscheinung-des-herrn\/musik\/sternen-mobile-zu-weihnachten-2021\/"]}]},{"@type":"BreadcrumbList","@id":"https:\/\/www.pfarrverband-salvator-mundi.de\/erscheinung-des-herrn\/musik\/sternen-mobile-zu-weihnachten-2021\/#breadcrumb","itemListElement":[{"@type":"ListItem","position":1,"name":"Home","item":"https:\/\/www.pfarrverband-salvator-mundi.de\/erscheinung-des-herrn\/"},{"@type":"ListItem","position":2,"name":"Musik","item":"https:\/\/www.pfarrverband-salvator-mundi.de\/erscheinung-des-herrn\/musik\/"},{"@type":"ListItem","position":3,"name":"Sternen-Mobile zu Weihnachten 2021"}]},{"@type":"WebSite","@id":"https:\/\/www.pfarrverband-salvator-mundi.de\/erscheinung-des-herrn\/#website","url":"https:\/\/www.pfarrverband-salvator-mundi.de\/erscheinung-des-herrn\/","name":"Pfarrei Erscheinung des Herrn","description":"Teil des Pfarrverbands Salvator Mundi","potentialAction":[{"@type":"SearchAction","target":{"@type":"EntryPoint","urlTemplate":"https:\/\/www.pfarrverband-salvator-mundi.de\/erscheinung-des-herrn\/?s={search_term_string}"},"query-input":{"@type":"PropertyValueSpecification","valueRequired":true,"valueName":"search_term_string"}}],"inLanguage":"de"}]}},"_links":{"self":[{"href":"https:\/\/www.pfarrverband-salvator-mundi.de\/erscheinung-des-herrn\/wp-json\/wp\/v2\/pages\/9807","targetHints":{"allow":["GET"]}}],"collection":[{"href":"https:\/\/www.pfarrverband-salvator-mundi.de\/erscheinung-des-herrn\/wp-json\/wp\/v2\/pages"}],"about":[{"href":"https:\/\/www.pfarrverband-salvator-mundi.de\/erscheinung-des-herrn\/wp-json\/wp\/v2\/types\/page"}],"author":[{"embeddable":true,"href":"https:\/\/www.pfarrverband-salvator-mundi.de\/erscheinung-des-herrn\/wp-json\/wp\/v2\/users\/1"}],"replies":[{"embeddable":true,"href":"https:\/\/www.pfarrverband-salvator-mundi.de\/erscheinung-des-herrn\/wp-json\/wp\/v2\/comments?post=9807"}],"version-history":[{"count":1,"href":"https:\/\/www.pfarrverband-salvator-mundi.de\/erscheinung-des-herrn\/wp-json\/wp\/v2\/pages\/9807\/revisions"}],"predecessor-version":[{"id":9808,"href":"https:\/\/www.pfarrverband-salvator-mundi.de\/erscheinung-des-herrn\/wp-json\/wp\/v2\/pages\/9807\/revisions\/9808"}],"up":[{"embeddable":true,"href":"https:\/\/www.pfarrverband-salvator-mundi.de\/erscheinung-des-herrn\/wp-json\/wp\/v2\/pages\/61"}],"wp:attachment":[{"href":"https:\/\/www.pfarrverband-salvator-mundi.de\/erscheinung-des-herrn\/wp-json\/wp\/v2\/media?parent=9807"}],"curies":[{"name":"wp","href":"https:\/\/api.w.org\/{rel}","templated":true}]}}

<div class="miniplayer style-scope ytd-miniplayer" role="dialog">
<h2 id="card" class="style-scope ytd-miniplayer"><span class="style-scope yt-formatted-string" dir="auto">Sternen-Mobile zu Weihnachten 2021</span></h2>
<p><iframe loading="lazy" title="YouTube video player" src="https://www.youtube.com/embed/6FOzJ4MyXx0" allowfullscreen="allowfullscreen" data-mce-fragment="1" width="560" height="315" frameborder="0"></iframe></p>
<h5><span class="style-scope yt-formatted-string" dir="auto"><strong>Die Entstehung der Kunstinstallation</strong> </span></h5>
<p><span class="style-scope yt-formatted-string" dir="auto"><strong>Entwurf und Bau der Sterne:</strong><br />
Jutta Michel-Becher und Jens Michel<br />
</span><span class="style-scope yt-formatted-string" dir="auto">Aufhängung und Beleuchtung: Nick Pirchtner </span></p>
<p><span class="style-scope yt-formatted-string" dir="auto"><strong>Musik:</strong><br />
<strong>När det lider mot jul</strong><br />
Text: Jeanna Louise Oterdahl<br />
Musik: Ruben Mattias Liljefors </span></p>
<p><span class="style-scope yt-formatted-string" dir="auto"><strong>Bethlehems Stjärna</strong><br />
Text: Viktor Rydberg<br />
Musik Alice Tegnér </span></p>
<p><span class="style-scope yt-formatted-string" dir="auto"><strong>Jul,jul,strålande jul</strong><br />
Text: Edvard Evers<br />
Musik: Gustaf Nordqvist </span></p>
<p><span class="style-scope yt-formatted-string" dir="auto"><strong>Hier bleiben wir steh&#8217;n</strong><br />
Text und Musik: Jutta Michel-Becher </span></p>
<p><span class="style-scope yt-formatted-string" dir="auto"><strong>Künstler:</strong><br />
Himani Grundström, Sopran – Kinderchor EdH – Jutta Michel-Becher, Klavier </span></p>
<p><span class="style-scope yt-formatted-string" dir="auto"><strong>Film- und Tonaufnahmen in der Pfarrkirche Erscheinung des Herrn</strong><br />
Fotos von Jutta Michel-Becher, Franz Holzapfel, Thomas Hoffmann </span></p>
<p><span class="style-scope yt-formatted-string" dir="auto"><strong>Filmaufnahme und Schnitt: </strong><br />
</span><span class="style-scope yt-formatted-string" dir="auto">Franz Holzapfel </span></p>
<p><strong><span class="style-scope yt-formatted-string" dir="auto">Ganz herzlichen Dank an alle Künstler, die die Sterne durch ihre Folien so wunderbar zum Leuchten bringen, sagt Euch Euer Kindermettenteam: Claudia Mitterreiter, Jutta Michel-Becher und Rudi Greil</span></strong></p>
</div>
<hr>

<p>Sternen-Mobile zu Weihnachten 2021 Die Entstehung der Kunstinstallation Entwurf und Bau der Sterne: Jutta Michel-Becher und Jens Michel Aufhängung und Beleuchtung: Nick Pirchtner Musik: När det lider mot jul Text: Jeanna Louise Oterdahl Musik: Ruben Mattias Liljefors Bethlehems Stjärna Text: Viktor Rydberg Musik Alice Tegnér Jul,jul,strålande jul Text: Edvard Evers Musik: Gustaf Nordqvist Hier bleiben [&hellip;]</p>

<!-- This site is optimized with the Yoast SEO plugin v27.5 - https://yoast.com/product/yoast-seo-wordpress/ -->
<title>Sternen-Mobile zu Weihnachten 2021 - Pfarrei Erscheinung des Herrn</title>
<meta name="robots" content="index, follow, max-snippet:-1, max-image-preview:large, max-video-preview:-1" />
<link rel="canonical" href="https://www.pfarrverband-salvator-mundi.de/erscheinung-des-herrn/musik/sternen-mobile-zu-weihnachten-2021/" />
<meta property="og:locale" content="de_DE" />
<meta property="og:type" content="article" />
<meta property="og:title" content="Sternen-Mobile zu Weihnachten 2021 - Pfarrei Erscheinung des Herrn" />
<meta property="og:description" content="Sternen-Mobile zu Weihnachten 2021 Die Entstehung der Kunstinstallation Entwurf und Bau der Sterne: Jutta Michel-Becher und Jens Michel Aufhängung und Beleuchtung: Nick Pirchtner Musik: När det lider mot jul Text: Jeanna Louise Oterdahl Musik: Ruben Mattias Liljefors Bethlehems Stjärna Text: Viktor Rydberg Musik Alice Tegnér Jul,jul,strålande jul Text: Edvard Evers Musik: Gustaf Nordqvist Hier bleiben [&hellip;]" />
<meta property="og:url" content="https://www.pfarrverband-salvator-mundi.de/erscheinung-des-herrn/musik/sternen-mobile-zu-weihnachten-2021/" />
<meta property="og:site_name" content="Pfarrei Erscheinung des Herrn" />
<meta property="article:modified_time" content="2022-01-13T09:04:52+00:00" />
<meta name="twitter:card" content="summary_large_image" />
<meta name="twitter:label1" content="Geschätzte Lesezeit" />
	<meta name="twitter:data1" content="1 Minute" />
<script type="application/ld+json" class="yoast-schema-graph">{"@context":"https:\/\/schema.org","@graph":[{"@type":"WebPage","@id":"https:\/\/www.pfarrverband-salvator-mundi.de\/erscheinung-des-herrn\/musik\/sternen-mobile-zu-weihnachten-2021\/","url":"https:\/\/www.pfarrverband-salvator-mundi.de\/erscheinung-des-herrn\/musik\/sternen-mobile-zu-weihnachten-2021\/","name":"Sternen-Mobile zu Weihnachten 2021 - Pfarrei Erscheinung des Herrn","isPartOf":{"@id":"https:\/\/www.pfarrverband-salvator-mundi.de\/erscheinung-des-herrn\/#website"},"datePublished":"2022-01-13T09:04:39+00:00","dateModified":"2022-01-13T09:04:52+00:00","breadcrumb":{"@id":"https:\/\/www.pfarrverband-salvator-mundi.de\/erscheinung-des-herrn\/musik\/sternen-mobile-zu-weihnachten-2021\/#breadcrumb"},"inLanguage":"de","potentialAction":[{"@type":"ReadAction","target":["https:\/\/www.pfarrverband-salvator-mundi.de\/erscheinung-des-herrn\/musik\/sternen-mobile-zu-weihnachten-2021\/"]}]},{"@type":"BreadcrumbList","@id":"https:\/\/www.pfarrverband-salvator-mundi.de\/erscheinung-des-herrn\/musik\/sternen-mobile-zu-weihnachten-2021\/#breadcrumb","itemListElement":[{"@type":"ListItem","position":1,"name":"Home","item":"https:\/\/www.pfarrverband-salvator-mundi.de\/erscheinung-des-herrn\/"},{"@type":"ListItem","position":2,"name":"Musik","item":"https:\/\/www.pfarrverband-salvator-mundi.de\/erscheinung-des-herrn\/musik\/"},{"@type":"ListItem","position":3,"name":"Sternen-Mobile zu Weihnachten 2021"}]},{"@type":"WebSite","@id":"https:\/\/www.pfarrverband-salvator-mundi.de\/erscheinung-des-herrn\/#website","url":"https:\/\/www.pfarrverband-salvator-mundi.de\/erscheinung-des-herrn\/","name":"Pfarrei Erscheinung des Herrn","description":"Teil des Pfarrverbands Salvator Mundi","potentialAction":[{"@type":"SearchAction","target":{"@type":"EntryPoint","urlTemplate":"https:\/\/www.pfarrverband-salvator-mundi.de\/erscheinung-des-herrn\/?s={search_term_string}"},"query-input":{"@type":"PropertyValueSpecification","valueRequired":true,"valueName":"search_term_string"}}],"inLanguage":"de"}]}</script>
<!-- / Yoast SEO plugin. -->

Sternen-Mobile zu Weihnachten 2021 Die Entstehung der Kunstinstallation Entwurf und Bau der Sterne: Jutta Michel-Becher und Jens Michel Aufhängung und Beleuchtung: Nick Pirchtner Musik: När det lider mot jul Text: Jeanna Louise Oterdahl Musik: Ruben Mattias Liljefors Bethlehems Stjärna Text: Viktor Rydberg Musik Alice Tegnér Jul,jul,strålande jul Text: Edvard Evers Musik: Gustaf Nordqvist Hier bleiben [&hellip;]
