{"version":"1.0","provider_name":"Pfarrei Fronleichnam","provider_url":"https:\/\/www.pfarrverband-salvator-mundi.de\/fronleichnam","title":"Krippenteam - Pfarrei Fronleichnam","type":"rich","width":600,"height":338,"html":"<blockquote class=\"wp-embedded-content\" data-secret=\"MWZO9CNXGW\"><a href=\"https:\/\/www.pfarrverband-salvator-mundi.de\/fronleichnam\/gruppen_erwachsene\/krippenteam\/\">Krippenteam<\/a><\/blockquote><iframe sandbox=\"allow-scripts\" security=\"restricted\" src=\"https:\/\/www.pfarrverband-salvator-mundi.de\/fronleichnam\/gruppen_erwachsene\/krippenteam\/embed\/#?secret=MWZO9CNXGW\" width=\"600\" height=\"338\" title=\"&#8222;Krippenteam&#8220; &#8211; Pfarrei Fronleichnam\" data-secret=\"MWZO9CNXGW\" frameborder=\"0\" marginwidth=\"0\" marginheight=\"0\" scrolling=\"no\" class=\"wp-embedded-content\"><\/iframe><script type=\"text\/javascript\">\n\/* <![CDATA[ *\/\n\/*! This file is auto-generated *\/\n!function(d,l){\"use strict\";l.querySelector&&d.addEventListener&&\"undefined\"!=typeof URL&&(d.wp=d.wp||{},d.wp.receiveEmbedMessage||(d.wp.receiveEmbedMessage=function(e){var t=e.data;if((t||t.secret||t.message||t.value)&&!\/[^a-zA-Z0-9]\/.test(t.secret)){for(var s,r,n,a=l.querySelectorAll('iframe[data-secret=\"'+t.secret+'\"]'),o=l.querySelectorAll('blockquote[data-secret=\"'+t.secret+'\"]'),c=new RegExp(\"^https?:$\",\"i\"),i=0;i<o.length;i++)o[i].style.display=\"none\";for(i=0;i<a.length;i++)s=a[i],e.source===s.contentWindow&&(s.removeAttribute(\"style\"),\"height\"===t.message?(1e3<(r=parseInt(t.value,10))?r=1e3:~~r<200&&(r=200),s.height=r):\"link\"===t.message&&(r=new URL(s.getAttribute(\"src\")),n=new URL(t.value),c.test(n.protocol))&&n.host===r.host&&l.activeElement===s&&(d.top.location.href=t.value))}},d.addEventListener(\"message\",d.wp.receiveEmbedMessage,!1),l.addEventListener(\"DOMContentLoaded\",function(){for(var e,t,s=l.querySelectorAll(\"iframe.wp-embedded-content\"),r=0;r<s.length;r++)(t=(e=s[r]).getAttribute(\"data-secret\"))||(t=Math.random().toString(36).substring(2,12),e.src+=\"#?secret=\"+t,e.setAttribute(\"data-secret\",t)),e.contentWindow.postMessage({message:\"ready\",secret:t},\"*\")},!1)))}(window,document);\n\/\/# sourceURL=https:\/\/www.pfarrverband-salvator-mundi.de\/fronleichnam\/wp-includes\/js\/wp-embed.min.js\n\/* ]]> *\/\n<\/script>\n","description":"Die Jahreskrippe in Fronleichnam Jahreskrippe &#8211; Aktuelles Thema: Das Scherflein der Witwe Markus 12,41-44 Hier wird beschrieben, wie Jesus am Gotteskasten sitzt und beobachtet, wie viele Menschen Geld hineinwerfen. Er sieht, wie eine arme Witwe zwei kleine M\u00fcnzen, die sogenannten Scherflein, einlegt. Die Botschaft Jesu:Jesus ruft seine J\u00fcnger zu sich und erkl\u00e4rt ihnen, dass diese [&hellip;]","thumbnail_url":"https:\/\/www.pfarrverband-salvator-mundi.de\/fronleichnam\/wp-content\/uploads\/sites\/2\/2025\/09\/2025-09_ScherfleinDerWitwe.jpg","thumbnail_width":1024,"thumbnail_height":648}

Die Jahreskrippe in Fronleichnam Jahreskrippe &#8211; Aktuelles Thema: Das Scherflein der Witwe Markus 12,41-44 Hier wird beschrieben, wie Jesus am Gotteskasten sitzt und beobachtet, wie viele Menschen Geld hineinwerfen. Er sieht, wie eine arme Witwe zwei kleine Münzen, die sogenannten Scherflein, einlegt. Die Botschaft Jesu:Jesus ruft seine Jünger zu sich und erklärt ihnen, dass diese [&hellip;]
