{"version":"1.0","provider_name":"Pfarrei St. Willibald","provider_url":"https:\/\/www.pfarrverband-salvator-mundi.de\/st-willibald","title":"Erstkommunion - Pfarrei St. Willibald","type":"rich","width":600,"height":338,"html":"<blockquote class=\"wp-embedded-content\" data-secret=\"l0SI8RPVhe\"><a href=\"https:\/\/www.pfarrverband-salvator-mundi.de\/st-willibald\/sakramente\/erstkommunion\/\">Erstkommunion<\/a><\/blockquote><iframe sandbox=\"allow-scripts\" security=\"restricted\" src=\"https:\/\/www.pfarrverband-salvator-mundi.de\/st-willibald\/sakramente\/erstkommunion\/embed\/#?secret=l0SI8RPVhe\" width=\"600\" height=\"338\" title=\"&#8222;Erstkommunion&#8220; &#8211; Pfarrei St. Willibald\" data-secret=\"l0SI8RPVhe\" frameborder=\"0\" marginwidth=\"0\" marginheight=\"0\" scrolling=\"no\" class=\"wp-embedded-content\"><\/iframe><script type=\"text\/javascript\">\n\/* <![CDATA[ *\/\n\/*! This file is auto-generated *\/\n!function(d,l){\"use strict\";l.querySelector&&d.addEventListener&&\"undefined\"!=typeof URL&&(d.wp=d.wp||{},d.wp.receiveEmbedMessage||(d.wp.receiveEmbedMessage=function(e){var t=e.data;if((t||t.secret||t.message||t.value)&&!\/[^a-zA-Z0-9]\/.test(t.secret)){for(var s,r,n,a=l.querySelectorAll('iframe[data-secret=\"'+t.secret+'\"]'),o=l.querySelectorAll('blockquote[data-secret=\"'+t.secret+'\"]'),c=new RegExp(\"^https?:$\",\"i\"),i=0;i<o.length;i++)o[i].style.display=\"none\";for(i=0;i<a.length;i++)s=a[i],e.source===s.contentWindow&&(s.removeAttribute(\"style\"),\"height\"===t.message?(1e3<(r=parseInt(t.value,10))?r=1e3:~~r<200&&(r=200),s.height=r):\"link\"===t.message&&(r=new URL(s.getAttribute(\"src\")),n=new URL(t.value),c.test(n.protocol))&&n.host===r.host&&l.activeElement===s&&(d.top.location.href=t.value))}},d.addEventListener(\"message\",d.wp.receiveEmbedMessage,!1),l.addEventListener(\"DOMContentLoaded\",function(){for(var e,t,s=l.querySelectorAll(\"iframe.wp-embedded-content\"),r=0;r<s.length;r++)(t=(e=s[r]).getAttribute(\"data-secret\"))||(t=Math.random().toString(36).substring(2,12),e.src+=\"#?secret=\"+t,e.setAttribute(\"data-secret\",t)),e.contentWindow.postMessage({message:\"ready\",secret:t},\"*\")},!1)))}(window,document);\n\/\/# sourceURL=https:\/\/www.pfarrverband-salvator-mundi.de\/st-willibald\/wp-includes\/js\/wp-embed.min.js\n\/* ]]> *\/\n<\/script>\n","description":"Erstkommunion in St. Willibald Feier der Erstkommunion Hier alle Termine, die schon feststehen, im \u00dcberblick: Anmeldung zur Erstkommunion zum Herunterladen M\u00f6chte Ihr Kind die Erstkommunion bei uns feiern, so kommen Sie mit ihrem Kind pers\u00f6nlich zur Anmeldung bei uns vorbei. Bitte bringen Sie zu diesem Termin folgendes mit: Eine Kopie der Taufurkunde, den Anmeldungsbogen inkl. [&hellip;]","thumbnail_url":"https:\/\/www.pfarrverband-salvator-mundi.de\/st-willibald\/wp-content\/uploads\/sites\/4\/2025\/09\/EKO_Plakat_Anmeldung_Willi_25.jpg"}

Erstkommunion in St. Willibald Feier der Erstkommunion Hier alle Termine, die schon feststehen, im Überblick: Anmeldung zur Erstkommunion zum Herunterladen Möchte Ihr Kind die Erstkommunion bei uns feiern, so kommen Sie mit ihrem Kind persönlich zur Anmeldung bei uns vorbei. Bitte bringen Sie zu diesem Termin folgendes mit: Eine Kopie der Taufurkunde, den Anmeldungsbogen inkl. [&hellip;]
