{"id":12630,"date":"2021-06-07T10:28:29","date_gmt":"2021-06-07T08:28:29","guid":{"rendered":"https:\/\/www.pfarrverband-salvator-mundi.de\/st-willibald\/?page_id=12630"},"modified":"2023-02-07T10:26:47","modified_gmt":"2023-02-07T09:26:47","slug":"maiandachten-2021","status":"publish","type":"page","link":"https:\/\/www.pfarrverband-salvator-mundi.de\/st-willibald\/rueckblicke\/maiandachten-2021\/","title":{"rendered":"Maiandachten 2021"},"content":{"rendered":"<h1>Maiandachten 2021<\/h1>\n<h3><span style=\"color: #ad0d1f;\">Die letzte Maiandacht in St. Willibald<\/span><\/h3>\n<p><strong>Das Bild vor und nach der Andacht \u201eMaria singt bei Elisabeth das Lied der Hoffnung\u201c.<\/strong><br \/>\nAls Zeichen unserer Hoffnung, der Hoffnung f\u00fcr die Welt, f\u00fcr die Kirche und f\u00fcr sich selbst, haben die Teilnehmer\/Innen mit ihren gebrachten Blumen und Bl\u00fcten die d\u00fcrren Zweige zum Leben erweckt.<\/p>\n<p><img loading=\"lazy\" decoding=\"async\" class=\"alignnone size-full wp-image-12592\" src=\"https:\/\/www.pfarrverband-salvator-mundi.de\/st-willibald\/wp-content\/uploads\/sites\/4\/2021\/05\/Letzte-Maiandacht_IMG_1197.jpg\" alt=\"\" width=\"330\" height=\"467\" srcset=\"https:\/\/www.pfarrverband-salvator-mundi.de\/st-willibald\/wp-content\/uploads\/sites\/4\/2021\/05\/Letzte-Maiandacht_IMG_1197.jpg 330w, https:\/\/www.pfarrverband-salvator-mundi.de\/st-willibald\/wp-content\/uploads\/sites\/4\/2021\/05\/Letzte-Maiandacht_IMG_1197-212x300.jpg 212w\" sizes=\"auto, (max-width: 330px) 100vw, 330px\" \/> &nbsp;&nbsp;<\/p>\n","protected":false},"excerpt":{"rendered":"<p>Maiandachten 2021 Die letzte Maiandacht in St. Willibald Das Bild vor und nach der Andacht \u201eMaria singt bei Elisabeth das Lied der Hoffnung\u201c. Als Zeichen unserer Hoffnung, der Hoffnung f\u00fcr die Welt, f\u00fcr die Kirche und f\u00fcr sich selbst, haben die Teilnehmer\/Innen mit ihren gebrachten Blumen und Bl\u00fcten die d\u00fcrren Zweige zum Leben erweckt. &nbsp;&nbsp;<\/p>\n","protected":false},"author":1,"featured_media":0,"parent":79,"menu_order":5,"comment_status":"closed","ping_status":"closed","template":"","meta":{"ngg_post_thumbnail":0,"footnotes":""},"class_list":["post-12630","page","type-page","status-publish","czr-hentry"],"yoast_head":"<!-- This site is optimized with the Yoast SEO plugin v27.4 - https:\/\/yoast.com\/product\/yoast-seo-wordpress\/ -->\n<title>Maiandachten 2021 - Pfarrei St. Willibald<\/title>\n<meta name=\"robots\" content=\"index, follow, max-snippet:-1, max-image-preview:large, max-video-preview:-1\" \/>\n<link rel=\"canonical\" href=\"https:\/\/www.pfarrverband-salvator-mundi.de\/st-willibald\/rueckblicke\/maiandachten-2021\/\" \/>\n<meta property=\"og:locale\" content=\"de_DE\" \/>\n<meta property=\"og:type\" content=\"article\" \/>\n<meta property=\"og:title\" content=\"Maiandachten 2021 - Pfarrei St. Willibald\" \/>\n<meta property=\"og:description\" content=\"Maiandachten 2021 Die letzte Maiandacht in St. Willibald Das Bild vor und nach der Andacht \u201eMaria singt bei Elisabeth das Lied der Hoffnung\u201c. Als Zeichen unserer Hoffnung, der Hoffnung f\u00fcr die Welt, f\u00fcr die Kirche und f\u00fcr sich selbst, haben die Teilnehmer\/Innen mit ihren gebrachten Blumen und Bl\u00fcten die d\u00fcrren Zweige zum Leben erweckt. &nbsp;&nbsp;\" \/>\n<meta property=\"og:url\" content=\"https:\/\/www.pfarrverband-salvator-mundi.de\/st-willibald\/rueckblicke\/maiandachten-2021\/\" \/>\n<meta property=\"og:site_name\" content=\"Pfarrei St. Willibald\" \/>\n<meta property=\"article:modified_time\" content=\"2023-02-07T09:26:47+00:00\" \/>\n<meta property=\"og:image\" content=\"https:\/\/www.pfarrverband-salvator-mundi.de\/st-willibald\/wp-content\/uploads\/sites\/4\/2021\/05\/Letzte-Maiandacht_IMG_1197.jpg\" \/>\n<meta name=\"twitter:card\" content=\"summary_large_image\" \/>\n<meta name=\"twitter:label1\" content=\"Gesch\u00e4tzte Lesezeit\" \/>\n\t<meta name=\"twitter:data1\" content=\"1\u00a0Minute\" \/>\n<script type=\"application\/ld+json\" class=\"yoast-schema-graph\">{\"@context\":\"https:\\\/\\\/schema.org\",\"@graph\":[{\"@type\":\"WebPage\",\"@id\":\"https:\\\/\\\/www.pfarrverband-salvator-mundi.de\\\/st-willibald\\\/rueckblicke\\\/maiandachten-2021\\\/\",\"url\":\"https:\\\/\\\/www.pfarrverband-salvator-mundi.de\\\/st-willibald\\\/rueckblicke\\\/maiandachten-2021\\\/\",\"name\":\"Maiandachten 2021 - Pfarrei St. Willibald\",\"isPartOf\":{\"@id\":\"https:\\\/\\\/www.pfarrverband-salvator-mundi.de\\\/st-willibald\\\/#website\"},\"primaryImageOfPage\":{\"@id\":\"https:\\\/\\\/www.pfarrverband-salvator-mundi.de\\\/st-willibald\\\/rueckblicke\\\/maiandachten-2021\\\/#primaryimage\"},\"image\":{\"@id\":\"https:\\\/\\\/www.pfarrverband-salvator-mundi.de\\\/st-willibald\\\/rueckblicke\\\/maiandachten-2021\\\/#primaryimage\"},\"thumbnailUrl\":\"https:\\\/\\\/www.pfarrverband-salvator-mundi.de\\\/st-willibald\\\/wp-content\\\/uploads\\\/sites\\\/4\\\/2021\\\/05\\\/Letzte-Maiandacht_IMG_1197.jpg\",\"datePublished\":\"2021-06-07T08:28:29+00:00\",\"dateModified\":\"2023-02-07T09:26:47+00:00\",\"breadcrumb\":{\"@id\":\"https:\\\/\\\/www.pfarrverband-salvator-mundi.de\\\/st-willibald\\\/rueckblicke\\\/maiandachten-2021\\\/#breadcrumb\"},\"inLanguage\":\"de\",\"potentialAction\":[{\"@type\":\"ReadAction\",\"target\":[\"https:\\\/\\\/www.pfarrverband-salvator-mundi.de\\\/st-willibald\\\/rueckblicke\\\/maiandachten-2021\\\/\"]}]},{\"@type\":\"ImageObject\",\"inLanguage\":\"de\",\"@id\":\"https:\\\/\\\/www.pfarrverband-salvator-mundi.de\\\/st-willibald\\\/rueckblicke\\\/maiandachten-2021\\\/#primaryimage\",\"url\":\"https:\\\/\\\/www.pfarrverband-salvator-mundi.de\\\/st-willibald\\\/wp-content\\\/uploads\\\/sites\\\/4\\\/2021\\\/05\\\/Letzte-Maiandacht_IMG_1197.jpg\",\"contentUrl\":\"https:\\\/\\\/www.pfarrverband-salvator-mundi.de\\\/st-willibald\\\/wp-content\\\/uploads\\\/sites\\\/4\\\/2021\\\/05\\\/Letzte-Maiandacht_IMG_1197.jpg\",\"width\":330,\"height\":467},{\"@type\":\"BreadcrumbList\",\"@id\":\"https:\\\/\\\/www.pfarrverband-salvator-mundi.de\\\/st-willibald\\\/rueckblicke\\\/maiandachten-2021\\\/#breadcrumb\",\"itemListElement\":[{\"@type\":\"ListItem\",\"position\":1,\"name\":\"Home\",\"item\":\"https:\\\/\\\/www.pfarrverband-salvator-mundi.de\\\/st-willibald\\\/\"},{\"@type\":\"ListItem\",\"position\":2,\"name\":\"R\u00fcckblicke\",\"item\":\"https:\\\/\\\/www.pfarrverband-salvator-mundi.de\\\/st-willibald\\\/rueckblicke\\\/\"},{\"@type\":\"ListItem\",\"position\":3,\"name\":\"Maiandachten 2021\"}]},{\"@type\":\"WebSite\",\"@id\":\"https:\\\/\\\/www.pfarrverband-salvator-mundi.de\\\/st-willibald\\\/#website\",\"url\":\"https:\\\/\\\/www.pfarrverband-salvator-mundi.de\\\/st-willibald\\\/\",\"name\":\"Pfarrei St. Willibald\",\"description\":\"Teil des Pfarrverbands Salvator Mundi\",\"potentialAction\":[{\"@type\":\"SearchAction\",\"target\":{\"@type\":\"EntryPoint\",\"urlTemplate\":\"https:\\\/\\\/www.pfarrverband-salvator-mundi.de\\\/st-willibald\\\/?s={search_term_string}\"},\"query-input\":{\"@type\":\"PropertyValueSpecification\",\"valueRequired\":true,\"valueName\":\"search_term_string\"}}],\"inLanguage\":\"de\"}]}<\/script>\n<!-- \/ Yoast SEO plugin. -->","yoast_head_json":{"title":"Maiandachten 2021 - Pfarrei St. Willibald","robots":{"index":"index","follow":"follow","max-snippet":"max-snippet:-1","max-image-preview":"max-image-preview:large","max-video-preview":"max-video-preview:-1"},"canonical":"https:\/\/www.pfarrverband-salvator-mundi.de\/st-willibald\/rueckblicke\/maiandachten-2021\/","og_locale":"de_DE","og_type":"article","og_title":"Maiandachten 2021 - Pfarrei St. Willibald","og_description":"Maiandachten 2021 Die letzte Maiandacht in St. Willibald Das Bild vor und nach der Andacht \u201eMaria singt bei Elisabeth das Lied der Hoffnung\u201c. Als Zeichen unserer Hoffnung, der Hoffnung f\u00fcr die Welt, f\u00fcr die Kirche und f\u00fcr sich selbst, haben die Teilnehmer\/Innen mit ihren gebrachten Blumen und Bl\u00fcten die d\u00fcrren Zweige zum Leben erweckt. &nbsp;&nbsp;","og_url":"https:\/\/www.pfarrverband-salvator-mundi.de\/st-willibald\/rueckblicke\/maiandachten-2021\/","og_site_name":"Pfarrei St. Willibald","article_modified_time":"2023-02-07T09:26:47+00:00","og_image":[{"url":"https:\/\/www.pfarrverband-salvator-mundi.de\/st-willibald\/wp-content\/uploads\/sites\/4\/2021\/05\/Letzte-Maiandacht_IMG_1197.jpg","type":"","width":"","height":""}],"twitter_card":"summary_large_image","twitter_misc":{"Gesch\u00e4tzte Lesezeit":"1\u00a0Minute"},"schema":{"@context":"https:\/\/schema.org","@graph":[{"@type":"WebPage","@id":"https:\/\/www.pfarrverband-salvator-mundi.de\/st-willibald\/rueckblicke\/maiandachten-2021\/","url":"https:\/\/www.pfarrverband-salvator-mundi.de\/st-willibald\/rueckblicke\/maiandachten-2021\/","name":"Maiandachten 2021 - Pfarrei St. Willibald","isPartOf":{"@id":"https:\/\/www.pfarrverband-salvator-mundi.de\/st-willibald\/#website"},"primaryImageOfPage":{"@id":"https:\/\/www.pfarrverband-salvator-mundi.de\/st-willibald\/rueckblicke\/maiandachten-2021\/#primaryimage"},"image":{"@id":"https:\/\/www.pfarrverband-salvator-mundi.de\/st-willibald\/rueckblicke\/maiandachten-2021\/#primaryimage"},"thumbnailUrl":"https:\/\/www.pfarrverband-salvator-mundi.de\/st-willibald\/wp-content\/uploads\/sites\/4\/2021\/05\/Letzte-Maiandacht_IMG_1197.jpg","datePublished":"2021-06-07T08:28:29+00:00","dateModified":"2023-02-07T09:26:47+00:00","breadcrumb":{"@id":"https:\/\/www.pfarrverband-salvator-mundi.de\/st-willibald\/rueckblicke\/maiandachten-2021\/#breadcrumb"},"inLanguage":"de","potentialAction":[{"@type":"ReadAction","target":["https:\/\/www.pfarrverband-salvator-mundi.de\/st-willibald\/rueckblicke\/maiandachten-2021\/"]}]},{"@type":"ImageObject","inLanguage":"de","@id":"https:\/\/www.pfarrverband-salvator-mundi.de\/st-willibald\/rueckblicke\/maiandachten-2021\/#primaryimage","url":"https:\/\/www.pfarrverband-salvator-mundi.de\/st-willibald\/wp-content\/uploads\/sites\/4\/2021\/05\/Letzte-Maiandacht_IMG_1197.jpg","contentUrl":"https:\/\/www.pfarrverband-salvator-mundi.de\/st-willibald\/wp-content\/uploads\/sites\/4\/2021\/05\/Letzte-Maiandacht_IMG_1197.jpg","width":330,"height":467},{"@type":"BreadcrumbList","@id":"https:\/\/www.pfarrverband-salvator-mundi.de\/st-willibald\/rueckblicke\/maiandachten-2021\/#breadcrumb","itemListElement":[{"@type":"ListItem","position":1,"name":"Home","item":"https:\/\/www.pfarrverband-salvator-mundi.de\/st-willibald\/"},{"@type":"ListItem","position":2,"name":"R\u00fcckblicke","item":"https:\/\/www.pfarrverband-salvator-mundi.de\/st-willibald\/rueckblicke\/"},{"@type":"ListItem","position":3,"name":"Maiandachten 2021"}]},{"@type":"WebSite","@id":"https:\/\/www.pfarrverband-salvator-mundi.de\/st-willibald\/#website","url":"https:\/\/www.pfarrverband-salvator-mundi.de\/st-willibald\/","name":"Pfarrei St. Willibald","description":"Teil des Pfarrverbands Salvator Mundi","potentialAction":[{"@type":"SearchAction","target":{"@type":"EntryPoint","urlTemplate":"https:\/\/www.pfarrverband-salvator-mundi.de\/st-willibald\/?s={search_term_string}"},"query-input":{"@type":"PropertyValueSpecification","valueRequired":true,"valueName":"search_term_string"}}],"inLanguage":"de"}]}},"_links":{"self":[{"href":"https:\/\/www.pfarrverband-salvator-mundi.de\/st-willibald\/wp-json\/wp\/v2\/pages\/12630","targetHints":{"allow":["GET"]}}],"collection":[{"href":"https:\/\/www.pfarrverband-salvator-mundi.de\/st-willibald\/wp-json\/wp\/v2\/pages"}],"about":[{"href":"https:\/\/www.pfarrverband-salvator-mundi.de\/st-willibald\/wp-json\/wp\/v2\/types\/page"}],"author":[{"embeddable":true,"href":"https:\/\/www.pfarrverband-salvator-mundi.de\/st-willibald\/wp-json\/wp\/v2\/users\/1"}],"replies":[{"embeddable":true,"href":"https:\/\/www.pfarrverband-salvator-mundi.de\/st-willibald\/wp-json\/wp\/v2\/comments?post=12630"}],"version-history":[{"count":2,"href":"https:\/\/www.pfarrverband-salvator-mundi.de\/st-willibald\/wp-json\/wp\/v2\/pages\/12630\/revisions"}],"predecessor-version":[{"id":16389,"href":"https:\/\/www.pfarrverband-salvator-mundi.de\/st-willibald\/wp-json\/wp\/v2\/pages\/12630\/revisions\/16389"}],"up":[{"embeddable":true,"href":"https:\/\/www.pfarrverband-salvator-mundi.de\/st-willibald\/wp-json\/wp\/v2\/pages\/79"}],"wp:attachment":[{"href":"https:\/\/www.pfarrverband-salvator-mundi.de\/st-willibald\/wp-json\/wp\/v2\/media?parent=12630"}],"curies":[{"name":"wp","href":"https:\/\/api.w.org\/{rel}","templated":true}]}}