{"id":14103,"date":"2022-01-28T10:04:48","date_gmt":"2022-01-28T09:04:48","guid":{"rendered":"https:\/\/www.pfarrverband-salvator-mundi.de\/st-willibald\/?page_id=14103"},"modified":"2022-04-06T08:38:29","modified_gmt":"2022-04-06T06:38:29","slug":"kirchenmusiker","status":"publish","type":"page","link":"https:\/\/www.pfarrverband-salvator-mundi.de\/st-willibald\/kirchenmusik\/kirchenmusiker\/","title":{"rendered":"Kirchenmusiker"},"content":{"rendered":"<h3>Kirchenmusiker in St. Willibald<\/h3>\n<style type=\"text\/css\">\n#foogallery-gallery-14773 { --fg-gutter: 10px; }<\/style>\n\t\t\t<div class=\"foogallery foogallery-container foogallery-default foogallery-lightbox-foogallery fg-left fg-default fg-ready fg-light\" id=\"foogallery-gallery-14773\" data-foogallery=\"{&quot;item&quot;:{&quot;showCaptionTitle&quot;:false,&quot;showCaptionDescription&quot;:false},&quot;lazy&quot;:false,&quot;src&quot;:&quot;src&quot;,&quot;srcset&quot;:&quot;srcset&quot;}\" style=\"--fg-title-line-clamp: 0; --fg-description-line-clamp: 0;\" >\n\t<div class=\"fg-item fg-type-image fg-loaded\"><figure class=\"fg-item-inner\"><a data-attachment-id=\"14778\" data-type=\"image\" class=\"fg-thumb\"><span class=\"fg-image-wrap\"><img decoding=\"async\" src=\"https:\/\/www.pfarrverband-salvator-mundi.de\/st-willibald\/wp-content\/uploads\/sites\/4\/2022\/04\/Tobias-Schmid_Portrait_IMG_1153_web4.jpg\" height=\"215\" width=\"215\" class=\"skip-lazy fg-image\" loading=\"eager\"><\/span><span class=\"fg-image-overlay\"><\/span><\/a><\/figure><div class=\"fg-loader\"><\/div><\/div><div class=\"fg-item fg-type-image fg-loaded\"><figure class=\"fg-item-inner\"><a data-attachment-id=\"14774\" data-type=\"image\" class=\"fg-thumb\"><span class=\"fg-image-wrap\"><img fetchpriority=\"high\" decoding=\"async\" src=\"https:\/\/www.pfarrverband-salvator-mundi.de\/st-willibald\/wp-content\/uploads\/sites\/4\/2022\/04\/Tobias-Schmid_IMG_1154_web.jpg\" height=\"215\" width=\"440\" class=\"skip-lazy fg-image\" loading=\"eager\"><\/span><span class=\"fg-image-overlay\"><\/span><\/a><\/figure><div class=\"fg-loader\"><\/div><\/div><\/div>\n<style type=\"text\/css\">#foogallery-gallery-14773 {\r\npadding-left: 0;\r\npadding-bottom: 10px;\r\n}<\/style>\n<p>Der aus der Region Ulm stammende Tobias Schmid studierte kath. Kirchenmusik an der \u201eHochschule f\u00fcr Kirchenmusik\u201c in Rottenburg am Neckar und schloss dieses mit dem \u201eMaster of Arts\u201c (Kirchenmusik A) ab.<\/p>\n<p>Neben seiner T\u00e4tigkeit als Kirchenmusiker widmet er sich auch einer regen Konzertt\u00e4tigkeit im Bereich Orgel, die ihn zu Konzerten schon in mehrere L\u00e4nder f\u00fchrten.<\/p>\n<p>Seit 2020 ist er Kirchenmusiker im Pfarrverband Salvator Mundi mit Dienstsitz St. Willibald in M\u00fcnchen und somit auch Organist der dortigen gro\u00dfen Alfred-F\u00fchrer- Orgel.<\/p>\n<p><span style=\"color: #ad0d1f;\"><strong>Kontakt:<\/strong><\/span><br \/>\n<strong>Tobias Schmid<\/strong>, E-Mail: <a href=\"mailto:toschmid@ebmuc.de\" target=\"_blank\" rel=\"noopener\">toschmid@ebmuc.de<\/a><\/p>\n","protected":false},"excerpt":{"rendered":"<p>Kirchenmusiker in St. Willibald Der aus der Region Ulm stammende Tobias Schmid studierte kath. Kirchenmusik an der \u201eHochschule f\u00fcr Kirchenmusik\u201c in Rottenburg am Neckar und schloss dieses mit dem \u201eMaster of Arts\u201c (Kirchenmusik A) ab. Neben seiner T\u00e4tigkeit als Kirchenmusiker widmet er sich auch einer regen Konzertt\u00e4tigkeit im Bereich Orgel, die ihn zu Konzerten schon [&hellip;]<\/p>\n","protected":false},"author":1,"featured_media":0,"parent":73,"menu_order":1,"comment_status":"closed","ping_status":"closed","template":"","meta":{"ngg_post_thumbnail":0,"footnotes":""},"class_list":["post-14103","page","type-page","status-publish","czr-hentry"],"yoast_head":"<!-- This site is optimized with the Yoast SEO plugin v28.4 - https:\/\/yoast.com\/product\/yoast-seo-wordpress\/ -->\n<title>Kirchenmusiker - Pfarrei St. Willibald<\/title>\n<meta name=\"robots\" content=\"index, follow, max-snippet:-1, max-image-preview:large, max-video-preview:-1\" \/>\n<link rel=\"canonical\" href=\"https:\/\/www.pfarrverband-salvator-mundi.de\/st-willibald\/kirchenmusik\/kirchenmusiker\/\" \/>\n<meta property=\"og:locale\" content=\"de_DE\" \/>\n<meta property=\"og:type\" content=\"article\" \/>\n<meta property=\"og:title\" content=\"Kirchenmusiker - Pfarrei St. Willibald\" \/>\n<meta property=\"og:description\" content=\"Kirchenmusiker in St. Willibald Der aus der Region Ulm stammende Tobias Schmid studierte kath. Kirchenmusik an der \u201eHochschule f\u00fcr Kirchenmusik\u201c in Rottenburg am Neckar und schloss dieses mit dem \u201eMaster of Arts\u201c (Kirchenmusik A) ab. Neben seiner T\u00e4tigkeit als Kirchenmusiker widmet er sich auch einer regen Konzertt\u00e4tigkeit im Bereich Orgel, die ihn zu Konzerten schon [&hellip;]\" \/>\n<meta property=\"og:url\" content=\"https:\/\/www.pfarrverband-salvator-mundi.de\/st-willibald\/kirchenmusik\/kirchenmusiker\/\" \/>\n<meta property=\"og:site_name\" content=\"Pfarrei St. Willibald\" \/>\n<meta property=\"article:modified_time\" content=\"2022-04-06T06:38:29+00:00\" \/>\n<meta name=\"twitter:card\" content=\"summary_large_image\" \/>\n<meta name=\"twitter:label1\" content=\"Gesch\u00e4tzte Lesezeit\" \/>\n\t<meta name=\"twitter:data1\" content=\"1\u00a0Minute\" \/>\n<script type=\"application\/ld+json\" class=\"yoast-schema-graph\">{\"@context\":\"https:\\\/\\\/schema.org\",\"@graph\":[{\"@type\":\"WebPage\",\"@id\":\"https:\\\/\\\/www.pfarrverband-salvator-mundi.de\\\/st-willibald\\\/kirchenmusik\\\/kirchenmusiker\\\/\",\"url\":\"https:\\\/\\\/www.pfarrverband-salvator-mundi.de\\\/st-willibald\\\/kirchenmusik\\\/kirchenmusiker\\\/\",\"name\":\"Kirchenmusiker - Pfarrei St. Willibald\",\"isPartOf\":{\"@id\":\"https:\\\/\\\/www.pfarrverband-salvator-mundi.de\\\/st-willibald\\\/#website\"},\"datePublished\":\"2022-01-28T09:04:48+00:00\",\"dateModified\":\"2022-04-06T06:38:29+00:00\",\"breadcrumb\":{\"@id\":\"https:\\\/\\\/www.pfarrverband-salvator-mundi.de\\\/st-willibald\\\/kirchenmusik\\\/kirchenmusiker\\\/#breadcrumb\"},\"inLanguage\":\"de\",\"potentialAction\":[{\"@type\":\"ReadAction\",\"target\":[\"https:\\\/\\\/www.pfarrverband-salvator-mundi.de\\\/st-willibald\\\/kirchenmusik\\\/kirchenmusiker\\\/\"]}]},{\"@type\":\"BreadcrumbList\",\"@id\":\"https:\\\/\\\/www.pfarrverband-salvator-mundi.de\\\/st-willibald\\\/kirchenmusik\\\/kirchenmusiker\\\/#breadcrumb\",\"itemListElement\":[{\"@type\":\"ListItem\",\"position\":1,\"name\":\"Home\",\"item\":\"https:\\\/\\\/www.pfarrverband-salvator-mundi.de\\\/st-willibald\\\/\"},{\"@type\":\"ListItem\",\"position\":2,\"name\":\"Kirchenmusik\",\"item\":\"https:\\\/\\\/www.pfarrverband-salvator-mundi.de\\\/st-willibald\\\/kirchenmusik\\\/\"},{\"@type\":\"ListItem\",\"position\":3,\"name\":\"Kirchenmusiker\"}]},{\"@type\":\"WebSite\",\"@id\":\"https:\\\/\\\/www.pfarrverband-salvator-mundi.de\\\/st-willibald\\\/#website\",\"url\":\"https:\\\/\\\/www.pfarrverband-salvator-mundi.de\\\/st-willibald\\\/\",\"name\":\"Pfarrei St. Willibald\",\"description\":\"Teil des Pfarrverbands Salvator Mundi\",\"potentialAction\":[{\"@type\":\"SearchAction\",\"target\":{\"@type\":\"EntryPoint\",\"urlTemplate\":\"https:\\\/\\\/www.pfarrverband-salvator-mundi.de\\\/st-willibald\\\/?s={search_term_string}\"},\"query-input\":{\"@type\":\"PropertyValueSpecification\",\"valueRequired\":true,\"valueName\":\"search_term_string\"}}],\"inLanguage\":\"de\"}]}<\/script>\n<!-- \/ Yoast SEO plugin. -->","yoast_head_json":{"title":"Kirchenmusiker - Pfarrei St. Willibald","robots":{"index":"index","follow":"follow","max-snippet":"max-snippet:-1","max-image-preview":"max-image-preview:large","max-video-preview":"max-video-preview:-1"},"canonical":"https:\/\/www.pfarrverband-salvator-mundi.de\/st-willibald\/kirchenmusik\/kirchenmusiker\/","og_locale":"de_DE","og_type":"article","og_title":"Kirchenmusiker - Pfarrei St. Willibald","og_description":"Kirchenmusiker in St. Willibald Der aus der Region Ulm stammende Tobias Schmid studierte kath. Kirchenmusik an der \u201eHochschule f\u00fcr Kirchenmusik\u201c in Rottenburg am Neckar und schloss dieses mit dem \u201eMaster of Arts\u201c (Kirchenmusik A) ab. Neben seiner T\u00e4tigkeit als Kirchenmusiker widmet er sich auch einer regen Konzertt\u00e4tigkeit im Bereich Orgel, die ihn zu Konzerten schon [&hellip;]","og_url":"https:\/\/www.pfarrverband-salvator-mundi.de\/st-willibald\/kirchenmusik\/kirchenmusiker\/","og_site_name":"Pfarrei St. Willibald","article_modified_time":"2022-04-06T06:38:29+00:00","twitter_card":"summary_large_image","twitter_misc":{"Gesch\u00e4tzte Lesezeit":"1\u00a0Minute"},"schema":{"@context":"https:\/\/schema.org","@graph":[{"@type":"WebPage","@id":"https:\/\/www.pfarrverband-salvator-mundi.de\/st-willibald\/kirchenmusik\/kirchenmusiker\/","url":"https:\/\/www.pfarrverband-salvator-mundi.de\/st-willibald\/kirchenmusik\/kirchenmusiker\/","name":"Kirchenmusiker - Pfarrei St. Willibald","isPartOf":{"@id":"https:\/\/www.pfarrverband-salvator-mundi.de\/st-willibald\/#website"},"datePublished":"2022-01-28T09:04:48+00:00","dateModified":"2022-04-06T06:38:29+00:00","breadcrumb":{"@id":"https:\/\/www.pfarrverband-salvator-mundi.de\/st-willibald\/kirchenmusik\/kirchenmusiker\/#breadcrumb"},"inLanguage":"de","potentialAction":[{"@type":"ReadAction","target":["https:\/\/www.pfarrverband-salvator-mundi.de\/st-willibald\/kirchenmusik\/kirchenmusiker\/"]}]},{"@type":"BreadcrumbList","@id":"https:\/\/www.pfarrverband-salvator-mundi.de\/st-willibald\/kirchenmusik\/kirchenmusiker\/#breadcrumb","itemListElement":[{"@type":"ListItem","position":1,"name":"Home","item":"https:\/\/www.pfarrverband-salvator-mundi.de\/st-willibald\/"},{"@type":"ListItem","position":2,"name":"Kirchenmusik","item":"https:\/\/www.pfarrverband-salvator-mundi.de\/st-willibald\/kirchenmusik\/"},{"@type":"ListItem","position":3,"name":"Kirchenmusiker"}]},{"@type":"WebSite","@id":"https:\/\/www.pfarrverband-salvator-mundi.de\/st-willibald\/#website","url":"https:\/\/www.pfarrverband-salvator-mundi.de\/st-willibald\/","name":"Pfarrei St. Willibald","description":"Teil des Pfarrverbands Salvator Mundi","potentialAction":[{"@type":"SearchAction","target":{"@type":"EntryPoint","urlTemplate":"https:\/\/www.pfarrverband-salvator-mundi.de\/st-willibald\/?s={search_term_string}"},"query-input":{"@type":"PropertyValueSpecification","valueRequired":true,"valueName":"search_term_string"}}],"inLanguage":"de"}]}},"_links":{"self":[{"href":"https:\/\/www.pfarrverband-salvator-mundi.de\/st-willibald\/wp-json\/wp\/v2\/pages\/14103","targetHints":{"allow":["GET"]}}],"collection":[{"href":"https:\/\/www.pfarrverband-salvator-mundi.de\/st-willibald\/wp-json\/wp\/v2\/pages"}],"about":[{"href":"https:\/\/www.pfarrverband-salvator-mundi.de\/st-willibald\/wp-json\/wp\/v2\/types\/page"}],"author":[{"embeddable":true,"href":"https:\/\/www.pfarrverband-salvator-mundi.de\/st-willibald\/wp-json\/wp\/v2\/users\/1"}],"replies":[{"embeddable":true,"href":"https:\/\/www.pfarrverband-salvator-mundi.de\/st-willibald\/wp-json\/wp\/v2\/comments?post=14103"}],"version-history":[{"count":4,"href":"https:\/\/www.pfarrverband-salvator-mundi.de\/st-willibald\/wp-json\/wp\/v2\/pages\/14103\/revisions"}],"predecessor-version":[{"id":14777,"href":"https:\/\/www.pfarrverband-salvator-mundi.de\/st-willibald\/wp-json\/wp\/v2\/pages\/14103\/revisions\/14777"}],"up":[{"embeddable":true,"href":"https:\/\/www.pfarrverband-salvator-mundi.de\/st-willibald\/wp-json\/wp\/v2\/pages\/73"}],"wp:attachment":[{"href":"https:\/\/www.pfarrverband-salvator-mundi.de\/st-willibald\/wp-json\/wp\/v2\/media?parent=14103"}],"curies":[{"name":"wp","href":"https:\/\/api.w.org\/{rel}","templated":true}]}}

<h3>Kirchenmusiker in St. Willibald</h3>
<style type="text/css">
#foogallery-gallery-14773 { --fg-gutter: 10px; }</style>
			<div class="foogallery foogallery-container foogallery-default foogallery-lightbox-foogallery fg-left fg-default fg-ready fg-light" id="foogallery-gallery-14773" data-foogallery="{&quot;item&quot;:{&quot;showCaptionTitle&quot;:false,&quot;showCaptionDescription&quot;:false},&quot;lazy&quot;:false,&quot;src&quot;:&quot;src&quot;,&quot;srcset&quot;:&quot;srcset&quot;}" style="--fg-title-line-clamp: 0; --fg-description-line-clamp: 0;" >
	<div class="fg-item fg-type-image fg-loaded"><figure class="fg-item-inner"><a data-attachment-id="14778" data-type="image" class="fg-thumb"><span class="fg-image-wrap"><img decoding="async" src="https://www.pfarrverband-salvator-mundi.de/st-willibald/wp-content/uploads/sites/4/2022/04/Tobias-Schmid_Portrait_IMG_1153_web4.jpg" height="215" width="215" class="skip-lazy fg-image" loading="eager"></span><span class="fg-image-overlay"></span></a></figure><div class="fg-loader"></div></div><div class="fg-item fg-type-image fg-loaded"><figure class="fg-item-inner"><a data-attachment-id="14774" data-type="image" class="fg-thumb"><span class="fg-image-wrap"><img fetchpriority="high" decoding="async" src="https://www.pfarrverband-salvator-mundi.de/st-willibald/wp-content/uploads/sites/4/2022/04/Tobias-Schmid_IMG_1154_web.jpg" height="215" width="440" class="skip-lazy fg-image" loading="eager"></span><span class="fg-image-overlay"></span></a></figure><div class="fg-loader"></div></div></div>
<style type="text/css">#foogallery-gallery-14773 {
padding-left: 0;
padding-bottom: 10px;
}</style>
<p>Der aus der Region Ulm stammende Tobias Schmid studierte kath. Kirchenmusik an der „Hochschule für Kirchenmusik“ in Rottenburg am Neckar und schloss dieses mit dem „Master of Arts“ (Kirchenmusik A) ab.</p>
<p>Neben seiner Tätigkeit als Kirchenmusiker widmet er sich auch einer regen Konzerttätigkeit im Bereich Orgel, die ihn zu Konzerten schon in mehrere Länder führten.</p>
<p>Seit 2020 ist er Kirchenmusiker im Pfarrverband Salvator Mundi mit Dienstsitz St. Willibald in München und somit auch Organist der dortigen großen Alfred-Führer- Orgel.</p>
<p><span style="color: #ad0d1f;"><strong>Kontakt:</strong></span><br />
<strong>Tobias Schmid</strong>, E-Mail: <a href="mailto:toschmid@ebmuc.de" target="_blank" rel="noopener">toschmid@ebmuc.de</a></p>

<p>Kirchenmusiker in St. Willibald Der aus der Region Ulm stammende Tobias Schmid studierte kath. Kirchenmusik an der „Hochschule für Kirchenmusik“ in Rottenburg am Neckar und schloss dieses mit dem „Master of Arts“ (Kirchenmusik A) ab. Neben seiner Tätigkeit als Kirchenmusiker widmet er sich auch einer regen Konzerttätigkeit im Bereich Orgel, die ihn zu Konzerten schon [&hellip;]</p>

<!-- This site is optimized with the Yoast SEO plugin v28.4 - https://yoast.com/product/yoast-seo-wordpress/ -->
<title>Kirchenmusiker - Pfarrei St. Willibald</title>
<meta name="robots" content="index, follow, max-snippet:-1, max-image-preview:large, max-video-preview:-1" />
<link rel="canonical" href="https://www.pfarrverband-salvator-mundi.de/st-willibald/kirchenmusik/kirchenmusiker/" />
<meta property="og:locale" content="de_DE" />
<meta property="og:type" content="article" />
<meta property="og:title" content="Kirchenmusiker - Pfarrei St. Willibald" />
<meta property="og:description" content="Kirchenmusiker in St. Willibald Der aus der Region Ulm stammende Tobias Schmid studierte kath. Kirchenmusik an der „Hochschule für Kirchenmusik“ in Rottenburg am Neckar und schloss dieses mit dem „Master of Arts“ (Kirchenmusik A) ab. Neben seiner Tätigkeit als Kirchenmusiker widmet er sich auch einer regen Konzerttätigkeit im Bereich Orgel, die ihn zu Konzerten schon [&hellip;]" />
<meta property="og:url" content="https://www.pfarrverband-salvator-mundi.de/st-willibald/kirchenmusik/kirchenmusiker/" />
<meta property="og:site_name" content="Pfarrei St. Willibald" />
<meta property="article:modified_time" content="2022-04-06T06:38:29+00:00" />
<meta name="twitter:card" content="summary_large_image" />
<meta name="twitter:label1" content="Geschätzte Lesezeit" />
	<meta name="twitter:data1" content="1 Minute" />
<script type="application/ld+json" class="yoast-schema-graph">{"@context":"https:\/\/schema.org","@graph":[{"@type":"WebPage","@id":"https:\/\/www.pfarrverband-salvator-mundi.de\/st-willibald\/kirchenmusik\/kirchenmusiker\/","url":"https:\/\/www.pfarrverband-salvator-mundi.de\/st-willibald\/kirchenmusik\/kirchenmusiker\/","name":"Kirchenmusiker - Pfarrei St. Willibald","isPartOf":{"@id":"https:\/\/www.pfarrverband-salvator-mundi.de\/st-willibald\/#website"},"datePublished":"2022-01-28T09:04:48+00:00","dateModified":"2022-04-06T06:38:29+00:00","breadcrumb":{"@id":"https:\/\/www.pfarrverband-salvator-mundi.de\/st-willibald\/kirchenmusik\/kirchenmusiker\/#breadcrumb"},"inLanguage":"de","potentialAction":[{"@type":"ReadAction","target":["https:\/\/www.pfarrverband-salvator-mundi.de\/st-willibald\/kirchenmusik\/kirchenmusiker\/"]}]},{"@type":"BreadcrumbList","@id":"https:\/\/www.pfarrverband-salvator-mundi.de\/st-willibald\/kirchenmusik\/kirchenmusiker\/#breadcrumb","itemListElement":[{"@type":"ListItem","position":1,"name":"Home","item":"https:\/\/www.pfarrverband-salvator-mundi.de\/st-willibald\/"},{"@type":"ListItem","position":2,"name":"Kirchenmusik","item":"https:\/\/www.pfarrverband-salvator-mundi.de\/st-willibald\/kirchenmusik\/"},{"@type":"ListItem","position":3,"name":"Kirchenmusiker"}]},{"@type":"WebSite","@id":"https:\/\/www.pfarrverband-salvator-mundi.de\/st-willibald\/#website","url":"https:\/\/www.pfarrverband-salvator-mundi.de\/st-willibald\/","name":"Pfarrei St. Willibald","description":"Teil des Pfarrverbands Salvator Mundi","potentialAction":[{"@type":"SearchAction","target":{"@type":"EntryPoint","urlTemplate":"https:\/\/www.pfarrverband-salvator-mundi.de\/st-willibald\/?s={search_term_string}"},"query-input":{"@type":"PropertyValueSpecification","valueRequired":true,"valueName":"search_term_string"}}],"inLanguage":"de"}]}</script>
<!-- / Yoast SEO plugin. -->

Kirchenmusiker in St. Willibald Der aus der Region Ulm stammende Tobias Schmid studierte kath. Kirchenmusik an der „Hochschule für Kirchenmusik“ in Rottenburg am Neckar und schloss dieses mit dem „Master of Arts“ (Kirchenmusik A) ab. Neben seiner Tätigkeit als Kirchenmusiker widmet er sich auch einer regen Konzerttätigkeit im Bereich Orgel, die ihn zu Konzerten schon [&hellip;]
