{"id":1678,"date":"2016-06-23T17:46:07","date_gmt":"2016-06-23T15:46:07","guid":{"rendered":"http:\/\/www.pfarrverband-salvator-mundi.de\/st-willibald\/?page_id=1678"},"modified":"2021-03-01T21:05:54","modified_gmt":"2021-03-01T20:05:54","slug":"eine-welt-kreis","status":"publish","type":"page","link":"https:\/\/www.pfarrverband-salvator-mundi.de\/st-willibald\/gruppen-erwachsene\/eine-welt-kreis\/","title":{"rendered":"Eine Welt Kreis"},"content":{"rendered":"<h1>Eine Welt Kreis St. Willibald<\/h1>\n<style type=\"text\/css\">\n#foogallery-gallery-1674 { --fg-gutter: 10px; }<\/style>\n\t\t\t<div class=\"foogallery foogallery-container foogallery-default foogallery-lightbox-foogallery fg-left fg-default fg-ready fg-light fg-loading-default fg-loaded-fade-in\" id=\"foogallery-gallery-1674\" data-foogallery=\"{&quot;item&quot;:{&quot;showCaptionTitle&quot;:true,&quot;showCaptionDescription&quot;:false},&quot;lazy&quot;:false,&quot;src&quot;:&quot;src&quot;,&quot;srcset&quot;:&quot;srcset&quot;}\" style=\"--fg-title-line-clamp: 0; --fg-description-line-clamp: 0;\" >\n\t<div class=\"fg-item fg-type-image fg-loaded\"><figure class=\"fg-item-inner\"><a data-attachment-id=\"1676\" data-type=\"image\" class=\"fg-thumb\"><span class=\"fg-image-wrap\"><img decoding=\"async\" src=\"https:\/\/www.pfarrverband-salvator-mundi.de\/st-willibald\/wp-content\/uploads\/sites\/4\/2016\/06\/IMG_0976.jpg\" height=\"215\" width=\"215\" class=\"skip-lazy fg-image\" loading=\"eager\"><\/span><span class=\"fg-image-overlay\"><\/span><\/a><\/figure><div class=\"fg-loader\"><\/div><\/div><div class=\"fg-item fg-type-image fg-loaded\"><figure class=\"fg-item-inner\"><a data-attachment-id=\"1689\" data-type=\"image\" class=\"fg-thumb\"><span class=\"fg-image-wrap\"><img fetchpriority=\"high\" decoding=\"async\" src=\"https:\/\/www.pfarrverband-salvator-mundi.de\/st-willibald\/wp-content\/uploads\/sites\/4\/2016\/06\/IMG_0041-Misereor-Plakat.jpg\" height=\"215\" width=\"440\" class=\"skip-lazy fg-image\" loading=\"eager\"><\/span><span class=\"fg-image-overlay\"><\/span><\/a><\/figure><div class=\"fg-loader\"><\/div><\/div><\/div>\n<style type=\"text\/css\">#foogallery-gallery-1674 { \r\npadding-left: 0;\r\npadding-bottom: 10px;\r\n}<\/style>\n<p>Reisen in ferne L\u00e4nder sind derzeit sehr eingeschr\u00e4nkt. Mit uns k\u00f6nnen Sie kulinarisch zahlreiche Produkte aus den L\u00e4ndern des S\u00fcdens entdecken: Kaffee, Tee, Kakao, Schokolade, Wein, N\u00fcsse, Honig, Reis, Quinoa und vieles mehr kommen jetzt zu Ihnen nach Hause. Und das Beste ist, es schmeckt nicht nur gut, sondern kommt auch den Kleinbauern im S\u00fcden zu Gute, die sehr unter der Coronakrise leiden. Melden Sie sich doch einfach bei uns und geben Ihre Bestellung auf<\/p>\n<ul>\n<li>telefonisch bei Frau Burgi Popp-Schmid (zu erfragen \u00fcber das Pfarrb\u00fcro) oder<\/li>\n<li>schriftlich bei Sabine Kohlmann unter <a href=\"mailto:sabine-kohlmann@posteo.de\" target=\"_blank\" rel=\"noopener noreferrer\">sabine-kohlmann@posteo.de<\/a><\/li>\n<\/ul>\n<p>Bitte geben Sie uns Ihre Kontaktdaten an wie Name, Adresse und Telefonnummer f\u00fcr R\u00fcckfragen. Wir freuen uns auf zahlreiche Anfragen, <em>Ihre Sabine Kohlmann f\u00fcr den Eine Welt Kreis St. Willibald<\/em><\/p>\n<p>Wir freuen uns immer \u00fcber neue Mitarbeiter.<\/p>\n<p><span style=\"color: #ad0d1f;\"><strong>Ansprechpartnerinnen<\/strong><\/span><br \/>\n<strong>Sabine Kohlmann<\/strong>, E-Mail: <a href=\"mailto:sabine-kohlmann@posteo.de\" target=\"_blank\" rel=\"noopener\">sabine-kohlmann@posteo.de<\/a><br \/>\n<strong>Angelika Sch\u00f6tz<\/strong>, E-Mail: <a href=\"mailto:familieschoetz@t-online.de\" target=\"_blank\" rel=\"noopener\">familieschoetz@t-online.de<\/a><\/p>\n","protected":false},"excerpt":{"rendered":"<p>Eine Welt Kreis St. Willibald Reisen in ferne L\u00e4nder sind derzeit sehr eingeschr\u00e4nkt. Mit uns k\u00f6nnen Sie kulinarisch zahlreiche Produkte aus den L\u00e4ndern des S\u00fcdens entdecken: Kaffee, Tee, Kakao, Schokolade, Wein, N\u00fcsse, Honig, Reis, Quinoa und vieles mehr kommen jetzt zu Ihnen nach Hause. Und das Beste ist, es schmeckt nicht nur gut, sondern kommt [&hellip;]<\/p>\n","protected":false},"author":1,"featured_media":0,"parent":67,"menu_order":0,"comment_status":"closed","ping_status":"closed","template":"","meta":{"ngg_post_thumbnail":0,"footnotes":""},"class_list":["post-1678","page","type-page","status-publish","czr-hentry"],"yoast_head":"<!-- This site is optimized with the Yoast SEO plugin v28.4 - https:\/\/yoast.com\/product\/yoast-seo-wordpress\/ -->\n<title>Eine Welt Kreis - Pfarrei St. Willibald<\/title>\n<meta name=\"robots\" content=\"index, follow, max-snippet:-1, max-image-preview:large, max-video-preview:-1\" \/>\n<link rel=\"canonical\" href=\"https:\/\/www.pfarrverband-salvator-mundi.de\/st-willibald\/gruppen-erwachsene\/eine-welt-kreis\/\" \/>\n<meta property=\"og:locale\" content=\"de_DE\" \/>\n<meta property=\"og:type\" content=\"article\" \/>\n<meta property=\"og:title\" content=\"Eine Welt Kreis - Pfarrei St. Willibald\" \/>\n<meta property=\"og:description\" content=\"Eine Welt Kreis St. Willibald Reisen in ferne L\u00e4nder sind derzeit sehr eingeschr\u00e4nkt. Mit uns k\u00f6nnen Sie kulinarisch zahlreiche Produkte aus den L\u00e4ndern des S\u00fcdens entdecken: Kaffee, Tee, Kakao, Schokolade, Wein, N\u00fcsse, Honig, Reis, Quinoa und vieles mehr kommen jetzt zu Ihnen nach Hause. Und das Beste ist, es schmeckt nicht nur gut, sondern kommt [&hellip;]\" \/>\n<meta property=\"og:url\" content=\"https:\/\/www.pfarrverband-salvator-mundi.de\/st-willibald\/gruppen-erwachsene\/eine-welt-kreis\/\" \/>\n<meta property=\"og:site_name\" content=\"Pfarrei St. Willibald\" \/>\n<meta property=\"article:modified_time\" content=\"2021-03-01T20:05:54+00:00\" \/>\n<meta name=\"twitter:card\" content=\"summary_large_image\" \/>\n<meta name=\"twitter:label1\" content=\"Gesch\u00e4tzte Lesezeit\" \/>\n\t<meta name=\"twitter:data1\" content=\"1\u00a0Minute\" \/>\n<script type=\"application\/ld+json\" class=\"yoast-schema-graph\">{\"@context\":\"https:\\\/\\\/schema.org\",\"@graph\":[{\"@type\":\"WebPage\",\"@id\":\"https:\\\/\\\/www.pfarrverband-salvator-mundi.de\\\/st-willibald\\\/gruppen-erwachsene\\\/eine-welt-kreis\\\/\",\"url\":\"https:\\\/\\\/www.pfarrverband-salvator-mundi.de\\\/st-willibald\\\/gruppen-erwachsene\\\/eine-welt-kreis\\\/\",\"name\":\"Eine Welt Kreis - Pfarrei St. Willibald\",\"isPartOf\":{\"@id\":\"https:\\\/\\\/www.pfarrverband-salvator-mundi.de\\\/st-willibald\\\/#website\"},\"datePublished\":\"2016-06-23T15:46:07+00:00\",\"dateModified\":\"2021-03-01T20:05:54+00:00\",\"breadcrumb\":{\"@id\":\"https:\\\/\\\/www.pfarrverband-salvator-mundi.de\\\/st-willibald\\\/gruppen-erwachsene\\\/eine-welt-kreis\\\/#breadcrumb\"},\"inLanguage\":\"de\",\"potentialAction\":[{\"@type\":\"ReadAction\",\"target\":[\"https:\\\/\\\/www.pfarrverband-salvator-mundi.de\\\/st-willibald\\\/gruppen-erwachsene\\\/eine-welt-kreis\\\/\"]}]},{\"@type\":\"BreadcrumbList\",\"@id\":\"https:\\\/\\\/www.pfarrverband-salvator-mundi.de\\\/st-willibald\\\/gruppen-erwachsene\\\/eine-welt-kreis\\\/#breadcrumb\",\"itemListElement\":[{\"@type\":\"ListItem\",\"position\":1,\"name\":\"Home\",\"item\":\"https:\\\/\\\/www.pfarrverband-salvator-mundi.de\\\/st-willibald\\\/\"},{\"@type\":\"ListItem\",\"position\":2,\"name\":\"Gruppen Erwachsene\",\"item\":\"https:\\\/\\\/www.pfarrverband-salvator-mundi.de\\\/st-willibald\\\/gruppen-erwachsene\\\/\"},{\"@type\":\"ListItem\",\"position\":3,\"name\":\"Eine Welt Kreis\"}]},{\"@type\":\"WebSite\",\"@id\":\"https:\\\/\\\/www.pfarrverband-salvator-mundi.de\\\/st-willibald\\\/#website\",\"url\":\"https:\\\/\\\/www.pfarrverband-salvator-mundi.de\\\/st-willibald\\\/\",\"name\":\"Pfarrei St. Willibald\",\"description\":\"Teil des Pfarrverbands Salvator Mundi\",\"potentialAction\":[{\"@type\":\"SearchAction\",\"target\":{\"@type\":\"EntryPoint\",\"urlTemplate\":\"https:\\\/\\\/www.pfarrverband-salvator-mundi.de\\\/st-willibald\\\/?s={search_term_string}\"},\"query-input\":{\"@type\":\"PropertyValueSpecification\",\"valueRequired\":true,\"valueName\":\"search_term_string\"}}],\"inLanguage\":\"de\"}]}<\/script>\n<!-- \/ Yoast SEO plugin. -->","yoast_head_json":{"title":"Eine Welt Kreis - Pfarrei St. Willibald","robots":{"index":"index","follow":"follow","max-snippet":"max-snippet:-1","max-image-preview":"max-image-preview:large","max-video-preview":"max-video-preview:-1"},"canonical":"https:\/\/www.pfarrverband-salvator-mundi.de\/st-willibald\/gruppen-erwachsene\/eine-welt-kreis\/","og_locale":"de_DE","og_type":"article","og_title":"Eine Welt Kreis - Pfarrei St. Willibald","og_description":"Eine Welt Kreis St. Willibald Reisen in ferne L\u00e4nder sind derzeit sehr eingeschr\u00e4nkt. Mit uns k\u00f6nnen Sie kulinarisch zahlreiche Produkte aus den L\u00e4ndern des S\u00fcdens entdecken: Kaffee, Tee, Kakao, Schokolade, Wein, N\u00fcsse, Honig, Reis, Quinoa und vieles mehr kommen jetzt zu Ihnen nach Hause. Und das Beste ist, es schmeckt nicht nur gut, sondern kommt [&hellip;]","og_url":"https:\/\/www.pfarrverband-salvator-mundi.de\/st-willibald\/gruppen-erwachsene\/eine-welt-kreis\/","og_site_name":"Pfarrei St. Willibald","article_modified_time":"2021-03-01T20:05:54+00:00","twitter_card":"summary_large_image","twitter_misc":{"Gesch\u00e4tzte Lesezeit":"1\u00a0Minute"},"schema":{"@context":"https:\/\/schema.org","@graph":[{"@type":"WebPage","@id":"https:\/\/www.pfarrverband-salvator-mundi.de\/st-willibald\/gruppen-erwachsene\/eine-welt-kreis\/","url":"https:\/\/www.pfarrverband-salvator-mundi.de\/st-willibald\/gruppen-erwachsene\/eine-welt-kreis\/","name":"Eine Welt Kreis - Pfarrei St. Willibald","isPartOf":{"@id":"https:\/\/www.pfarrverband-salvator-mundi.de\/st-willibald\/#website"},"datePublished":"2016-06-23T15:46:07+00:00","dateModified":"2021-03-01T20:05:54+00:00","breadcrumb":{"@id":"https:\/\/www.pfarrverband-salvator-mundi.de\/st-willibald\/gruppen-erwachsene\/eine-welt-kreis\/#breadcrumb"},"inLanguage":"de","potentialAction":[{"@type":"ReadAction","target":["https:\/\/www.pfarrverband-salvator-mundi.de\/st-willibald\/gruppen-erwachsene\/eine-welt-kreis\/"]}]},{"@type":"BreadcrumbList","@id":"https:\/\/www.pfarrverband-salvator-mundi.de\/st-willibald\/gruppen-erwachsene\/eine-welt-kreis\/#breadcrumb","itemListElement":[{"@type":"ListItem","position":1,"name":"Home","item":"https:\/\/www.pfarrverband-salvator-mundi.de\/st-willibald\/"},{"@type":"ListItem","position":2,"name":"Gruppen Erwachsene","item":"https:\/\/www.pfarrverband-salvator-mundi.de\/st-willibald\/gruppen-erwachsene\/"},{"@type":"ListItem","position":3,"name":"Eine Welt Kreis"}]},{"@type":"WebSite","@id":"https:\/\/www.pfarrverband-salvator-mundi.de\/st-willibald\/#website","url":"https:\/\/www.pfarrverband-salvator-mundi.de\/st-willibald\/","name":"Pfarrei St. Willibald","description":"Teil des Pfarrverbands Salvator Mundi","potentialAction":[{"@type":"SearchAction","target":{"@type":"EntryPoint","urlTemplate":"https:\/\/www.pfarrverband-salvator-mundi.de\/st-willibald\/?s={search_term_string}"},"query-input":{"@type":"PropertyValueSpecification","valueRequired":true,"valueName":"search_term_string"}}],"inLanguage":"de"}]}},"_links":{"self":[{"href":"https:\/\/www.pfarrverband-salvator-mundi.de\/st-willibald\/wp-json\/wp\/v2\/pages\/1678","targetHints":{"allow":["GET"]}}],"collection":[{"href":"https:\/\/www.pfarrverband-salvator-mundi.de\/st-willibald\/wp-json\/wp\/v2\/pages"}],"about":[{"href":"https:\/\/www.pfarrverband-salvator-mundi.de\/st-willibald\/wp-json\/wp\/v2\/types\/page"}],"author":[{"embeddable":true,"href":"https:\/\/www.pfarrverband-salvator-mundi.de\/st-willibald\/wp-json\/wp\/v2\/users\/1"}],"replies":[{"embeddable":true,"href":"https:\/\/www.pfarrverband-salvator-mundi.de\/st-willibald\/wp-json\/wp\/v2\/comments?post=1678"}],"version-history":[{"count":12,"href":"https:\/\/www.pfarrverband-salvator-mundi.de\/st-willibald\/wp-json\/wp\/v2\/pages\/1678\/revisions"}],"predecessor-version":[{"id":11895,"href":"https:\/\/www.pfarrverband-salvator-mundi.de\/st-willibald\/wp-json\/wp\/v2\/pages\/1678\/revisions\/11895"}],"up":[{"embeddable":true,"href":"https:\/\/www.pfarrverband-salvator-mundi.de\/st-willibald\/wp-json\/wp\/v2\/pages\/67"}],"wp:attachment":[{"href":"https:\/\/www.pfarrverband-salvator-mundi.de\/st-willibald\/wp-json\/wp\/v2\/media?parent=1678"}],"curies":[{"name":"wp","href":"https:\/\/api.w.org\/{rel}","templated":true}]}}

<h1>Eine Welt Kreis St. Willibald</h1>
<style type="text/css">
#foogallery-gallery-1674 { --fg-gutter: 10px; }</style>
			<div class="foogallery foogallery-container foogallery-default foogallery-lightbox-foogallery fg-left fg-default fg-ready fg-light fg-loading-default fg-loaded-fade-in" id="foogallery-gallery-1674" data-foogallery="{&quot;item&quot;:{&quot;showCaptionTitle&quot;:true,&quot;showCaptionDescription&quot;:false},&quot;lazy&quot;:false,&quot;src&quot;:&quot;src&quot;,&quot;srcset&quot;:&quot;srcset&quot;}" style="--fg-title-line-clamp: 0; --fg-description-line-clamp: 0;" >
	<div class="fg-item fg-type-image fg-loaded"><figure class="fg-item-inner"><a data-attachment-id="1676" data-type="image" class="fg-thumb"><span class="fg-image-wrap"><img decoding="async" src="https://www.pfarrverband-salvator-mundi.de/st-willibald/wp-content/uploads/sites/4/2016/06/IMG_0976.jpg" height="215" width="215" class="skip-lazy fg-image" loading="eager"></span><span class="fg-image-overlay"></span></a></figure><div class="fg-loader"></div></div><div class="fg-item fg-type-image fg-loaded"><figure class="fg-item-inner"><a data-attachment-id="1689" data-type="image" class="fg-thumb"><span class="fg-image-wrap"><img fetchpriority="high" decoding="async" src="https://www.pfarrverband-salvator-mundi.de/st-willibald/wp-content/uploads/sites/4/2016/06/IMG_0041-Misereor-Plakat.jpg" height="215" width="440" class="skip-lazy fg-image" loading="eager"></span><span class="fg-image-overlay"></span></a></figure><div class="fg-loader"></div></div></div>
<style type="text/css">#foogallery-gallery-1674 { 
padding-left: 0;
padding-bottom: 10px;
}</style>
<p>Reisen in ferne Länder sind derzeit sehr eingeschränkt. Mit uns können Sie kulinarisch zahlreiche Produkte aus den Ländern des Südens entdecken: Kaffee, Tee, Kakao, Schokolade, Wein, Nüsse, Honig, Reis, Quinoa und vieles mehr kommen jetzt zu Ihnen nach Hause. Und das Beste ist, es schmeckt nicht nur gut, sondern kommt auch den Kleinbauern im Süden zu Gute, die sehr unter der Coronakrise leiden. Melden Sie sich doch einfach bei uns und geben Ihre Bestellung auf</p>
<ul>
<li>telefonisch bei Frau Burgi Popp-Schmid (zu erfragen über das Pfarrbüro) oder</li>
<li>schriftlich bei Sabine Kohlmann unter <a href="mailto:sabine-kohlmann@posteo.de" target="_blank" rel="noopener noreferrer">sabine-kohlmann@posteo.de</a></li>
</ul>
<p>Bitte geben Sie uns Ihre Kontaktdaten an wie Name, Adresse und Telefonnummer für Rückfragen. Wir freuen uns auf zahlreiche Anfragen, <em>Ihre Sabine Kohlmann für den Eine Welt Kreis St. Willibald</em></p>
<p>Wir freuen uns immer über neue Mitarbeiter.</p>
<p><span style="color: #ad0d1f;"><strong>Ansprechpartnerinnen</strong></span><br />
<strong>Sabine Kohlmann</strong>, E-Mail: <a href="mailto:sabine-kohlmann@posteo.de" target="_blank" rel="noopener">sabine-kohlmann@posteo.de</a><br />
<strong>Angelika Schötz</strong>, E-Mail: <a href="mailto:familieschoetz@t-online.de" target="_blank" rel="noopener">familieschoetz@t-online.de</a></p>

<p>Eine Welt Kreis St. Willibald Reisen in ferne Länder sind derzeit sehr eingeschränkt. Mit uns können Sie kulinarisch zahlreiche Produkte aus den Ländern des Südens entdecken: Kaffee, Tee, Kakao, Schokolade, Wein, Nüsse, Honig, Reis, Quinoa und vieles mehr kommen jetzt zu Ihnen nach Hause. Und das Beste ist, es schmeckt nicht nur gut, sondern kommt [&hellip;]</p>

<!-- This site is optimized with the Yoast SEO plugin v28.4 - https://yoast.com/product/yoast-seo-wordpress/ -->
<title>Eine Welt Kreis - Pfarrei St. Willibald</title>
<meta name="robots" content="index, follow, max-snippet:-1, max-image-preview:large, max-video-preview:-1" />
<link rel="canonical" href="https://www.pfarrverband-salvator-mundi.de/st-willibald/gruppen-erwachsene/eine-welt-kreis/" />
<meta property="og:locale" content="de_DE" />
<meta property="og:type" content="article" />
<meta property="og:title" content="Eine Welt Kreis - Pfarrei St. Willibald" />
<meta property="og:description" content="Eine Welt Kreis St. Willibald Reisen in ferne Länder sind derzeit sehr eingeschränkt. Mit uns können Sie kulinarisch zahlreiche Produkte aus den Ländern des Südens entdecken: Kaffee, Tee, Kakao, Schokolade, Wein, Nüsse, Honig, Reis, Quinoa und vieles mehr kommen jetzt zu Ihnen nach Hause. Und das Beste ist, es schmeckt nicht nur gut, sondern kommt [&hellip;]" />
<meta property="og:url" content="https://www.pfarrverband-salvator-mundi.de/st-willibald/gruppen-erwachsene/eine-welt-kreis/" />
<meta property="og:site_name" content="Pfarrei St. Willibald" />
<meta property="article:modified_time" content="2021-03-01T20:05:54+00:00" />
<meta name="twitter:card" content="summary_large_image" />
<meta name="twitter:label1" content="Geschätzte Lesezeit" />
	<meta name="twitter:data1" content="1 Minute" />
<script type="application/ld+json" class="yoast-schema-graph">{"@context":"https:\/\/schema.org","@graph":[{"@type":"WebPage","@id":"https:\/\/www.pfarrverband-salvator-mundi.de\/st-willibald\/gruppen-erwachsene\/eine-welt-kreis\/","url":"https:\/\/www.pfarrverband-salvator-mundi.de\/st-willibald\/gruppen-erwachsene\/eine-welt-kreis\/","name":"Eine Welt Kreis - Pfarrei St. Willibald","isPartOf":{"@id":"https:\/\/www.pfarrverband-salvator-mundi.de\/st-willibald\/#website"},"datePublished":"2016-06-23T15:46:07+00:00","dateModified":"2021-03-01T20:05:54+00:00","breadcrumb":{"@id":"https:\/\/www.pfarrverband-salvator-mundi.de\/st-willibald\/gruppen-erwachsene\/eine-welt-kreis\/#breadcrumb"},"inLanguage":"de","potentialAction":[{"@type":"ReadAction","target":["https:\/\/www.pfarrverband-salvator-mundi.de\/st-willibald\/gruppen-erwachsene\/eine-welt-kreis\/"]}]},{"@type":"BreadcrumbList","@id":"https:\/\/www.pfarrverband-salvator-mundi.de\/st-willibald\/gruppen-erwachsene\/eine-welt-kreis\/#breadcrumb","itemListElement":[{"@type":"ListItem","position":1,"name":"Home","item":"https:\/\/www.pfarrverband-salvator-mundi.de\/st-willibald\/"},{"@type":"ListItem","position":2,"name":"Gruppen Erwachsene","item":"https:\/\/www.pfarrverband-salvator-mundi.de\/st-willibald\/gruppen-erwachsene\/"},{"@type":"ListItem","position":3,"name":"Eine Welt Kreis"}]},{"@type":"WebSite","@id":"https:\/\/www.pfarrverband-salvator-mundi.de\/st-willibald\/#website","url":"https:\/\/www.pfarrverband-salvator-mundi.de\/st-willibald\/","name":"Pfarrei St. Willibald","description":"Teil des Pfarrverbands Salvator Mundi","potentialAction":[{"@type":"SearchAction","target":{"@type":"EntryPoint","urlTemplate":"https:\/\/www.pfarrverband-salvator-mundi.de\/st-willibald\/?s={search_term_string}"},"query-input":{"@type":"PropertyValueSpecification","valueRequired":true,"valueName":"search_term_string"}}],"inLanguage":"de"}]}</script>
<!-- / Yoast SEO plugin. -->

Eine Welt Kreis St. Willibald Reisen in ferne Länder sind derzeit sehr eingeschränkt. Mit uns können Sie kulinarisch zahlreiche Produkte aus den Ländern des Südens entdecken: Kaffee, Tee, Kakao, Schokolade, Wein, Nüsse, Honig, Reis, Quinoa und vieles mehr kommen jetzt zu Ihnen nach Hause. Und das Beste ist, es schmeckt nicht nur gut, sondern kommt [&hellip;]
