{"id":84,"date":"2016-03-04T10:56:08","date_gmt":"2016-03-04T09:56:08","guid":{"rendered":"http:\/\/www.pfarrverband-salvator-mundi.de\/st-willibald\/?page_id=84"},"modified":"2023-07-27T11:04:55","modified_gmt":"2023-07-27T09:04:55","slug":"pfarrkirche-2","status":"publish","type":"page","link":"https:\/\/www.pfarrverband-salvator-mundi.de\/st-willibald\/pfarrkirche-2\/","title":{"rendered":"Pfarrkirche"},"content":{"rendered":"<h1>Unsere Pfarrkirche<\/h1>\n<style type=\"text\/css\">\n#foogallery-gallery-640 .fg-image { width: 215px; }\n#foogallery-gallery-640 { --fg-gutter: 10px; }<\/style>\n\t\t\t<div class=\"foogallery foogallery-container foogallery-default foogallery-lightbox-foogallery fg-left fg-default fg-ready fg-light fg-loading-default fg-loaded-fade-in\" id=\"foogallery-gallery-640\" data-foogallery=\"{&quot;item&quot;:{&quot;showCaptionTitle&quot;:true,&quot;showCaptionDescription&quot;:false},&quot;lazy&quot;:false,&quot;src&quot;:&quot;src&quot;,&quot;srcset&quot;:&quot;srcset&quot;}\" style=\"--fg-title-line-clamp: 0; --fg-description-line-clamp: 0;\" >\n\t<div class=\"fg-item fg-type-image fg-loaded\"><figure class=\"fg-item-inner\"><a data-attachment-id=\"281\" data-type=\"image\" class=\"fg-thumb\"><span class=\"fg-image-wrap\"><img decoding=\"async\" src=\"https:\/\/www.pfarrverband-salvator-mundi.de\/st-willibald\/wp-content\/uploads\/sites\/4\/cache\/2016\/03\/innen_stwillibald\/4089094836.jpg\" width=\"215\" height=\"215\" class=\"skip-lazy fg-image\" loading=\"eager\"><\/span><span class=\"fg-image-overlay\"><\/span><\/a><\/figure><div class=\"fg-loader\"><\/div><\/div><div class=\"fg-item fg-type-image fg-loaded\"><figure class=\"fg-item-inner\"><a data-attachment-id=\"644\" data-type=\"image\" class=\"fg-thumb\"><span class=\"fg-image-wrap\"><img decoding=\"async\" src=\"https:\/\/www.pfarrverband-salvator-mundi.de\/st-willibald\/wp-content\/uploads\/sites\/4\/cache\/2016\/04\/maria_IMG_6169\/1599669666.jpg\" width=\"215\" height=\"215\" class=\"skip-lazy fg-image\" loading=\"eager\"><\/span><span class=\"fg-image-overlay\"><\/span><\/a><\/figure><div class=\"fg-loader\"><\/div><\/div><div class=\"fg-item fg-type-image fg-loaded\"><figure class=\"fg-item-inner\"><a data-attachment-id=\"14783\" data-type=\"image\" class=\"fg-thumb\"><span class=\"fg-image-wrap\"><img decoding=\"async\" src=\"https:\/\/www.pfarrverband-salvator-mundi.de\/st-willibald\/wp-content\/uploads\/sites\/4\/cache\/2020\/03\/kirche_willibald_3768\/2046964253.jpg\" width=\"215\" height=\"215\" class=\"skip-lazy fg-image\" loading=\"eager\"><\/span><span class=\"fg-image-overlay\"><\/span><\/a><\/figure><div class=\"fg-loader\"><\/div><\/div><\/div>\n<style type=\"text\/css\">#foogallery-gallery-640 { \r\npadding-left: 0;\r\npadding-bottom: 10px;\r\n}<\/style>\n<h3>DIE GESCHICHTE<\/h3>\n<p>Die Kirche wurde 1958 nach Pl\u00e4nen des Architekten Hansjakob Lill im Osten des Stadtteils Pasing errichtet. Kirchenpatron ist der Heilige Willibald von Eichst\u00e4tt.<br \/>\nDie Entstehung der Kirche f\u00e4llt zusammen mit der Neuordnung der Pfarreien in M\u00fcnchen. Nach dem sprunghaften Anstieg der Einwohnerzahl in den 1950er Jahren sollten die gro\u00dfen, un\u00fcbersichtlich gewordenen Pfarreien in kleinere Gemeinden gegliedert werden. Der Grundstein der Kirche wurde am 13. April 1958 durch den M\u00fcnchener Weihbischof Johannes Neuh\u00e4usler gelegt. Die Weihe fand am 30. November 1958, dem ersten Adventsonntag, durch Kardinal Joseph Wendel statt. Die Kirche war zun\u00e4chst Kuratie der Pfarrkirche St. Ulrich. Am 1. Januar 1963 wurde sie zur Pfarrei erhoben. Die Leitung der Pfarrei wurde der Gesellschaft des G\u00f6ttlichen Heilandes \u00fcbertragen.<\/p>\n<p>&nbsp;<\/p>\n<h3>DIE ORGEL<\/h3>\n<p><img loading=\"lazy\" decoding=\"async\" class=\"alignnone wp-image-633 size-full\" src=\"https:\/\/www.pfarrverband-salvator-mundi.de\/st-willibald\/wp-content\/uploads\/sites\/4\/2016\/03\/1024px-Muenchen_St_Willibald_Orgel.jpg\" alt=\"1024px-Muenchen_St_Willibald_Orgel\" width=\"215\" height=\"215\" srcset=\"https:\/\/www.pfarrverband-salvator-mundi.de\/st-willibald\/wp-content\/uploads\/sites\/4\/2016\/03\/1024px-Muenchen_St_Willibald_Orgel.jpg 215w, https:\/\/www.pfarrverband-salvator-mundi.de\/st-willibald\/wp-content\/uploads\/sites\/4\/2016\/03\/1024px-Muenchen_St_Willibald_Orgel-150x150.jpg 150w\" sizes=\"auto, (max-width: 215px) 100vw, 215px\" \/><\/p>\n<p>Die Orgel von St. Willibald wurde 1993 von der Orgelbaufirma Alfred F\u00fchrer (Wilhelmshaven) erbaut. Das Instrument hat 41 Register (2983 Pfeifen) auf drei Manualen und Pedal. Die Spieltrakturen sind mechanisch, die Registertrakturen als Doppeltrakturen (mechanisch und elektrisch) angelegt.<\/p>\n<p>&nbsp;<\/p>\n<h3>DIE GLOCKEN<\/h3>\n<p><img loading=\"lazy\" decoding=\"async\" class=\"alignnone wp-image-632 size-full\" src=\"https:\/\/www.pfarrverband-salvator-mundi.de\/st-willibald\/wp-content\/uploads\/sites\/4\/2016\/03\/170px-Muenchen_Laim_St-1.jpg\" alt=\"170px-Muenchen_Laim_St\" width=\"215\" height=\"276\" \/><\/p>\n<p>Oberhalb der Turmuhr h\u00e4ngt im f\u00fcnfst\u00f6ckigen Stahlglockenstuhl das klangvolle F\u00fcnfergel\u00e4ut, das 1958 von der Glockengie\u00dferei Johann Hahn gegossen wurde. Die gr\u00f6\u00dfte Glocke tr\u00e4gt eine reiche Verzierung mit umlaufenden Medaillons, die die einzelnen Rosenkranzgeheimnisse darstellen.<\/p>\n<p>Das Vollgel\u00e4ut erklingt jeden Samstag um 15 Uhr zum Sonntageinl\u00e4uten, vor den Sonntagsmessen und zur Sonntagsvesper. Das Vorl\u00e4uten macht die gro\u00dfe Glocke. Vor Werktagsmessen werden die beiden kleinen Glocken gel\u00e4utet. Zum Engel des Herrn l\u00e4utet die Josefsglocke, abends schlie\u00dft sich die Michaelsglocke zum Armeseelenl\u00e4uten an. Der Uhrschlag erfolgt \u00fcber die Glocken Josef (Viertelstunden) und Salvator (volle Stunden).<\/p>\n","protected":false},"excerpt":{"rendered":"<p>Unsere Pfarrkirche DIE GESCHICHTE Die Kirche wurde 1958 nach Pl\u00e4nen des Architekten Hansjakob Lill im Osten des Stadtteils Pasing errichtet. Kirchenpatron ist der Heilige Willibald von Eichst\u00e4tt. Die Entstehung der Kirche f\u00e4llt zusammen mit der Neuordnung der Pfarreien in M\u00fcnchen. Nach dem sprunghaften Anstieg der Einwohnerzahl in den 1950er Jahren sollten die gro\u00dfen, un\u00fcbersichtlich gewordenen [&hellip;]<\/p>\n","protected":false},"author":1,"featured_media":0,"parent":0,"menu_order":19,"comment_status":"closed","ping_status":"closed","template":"","meta":{"ngg_post_thumbnail":0,"footnotes":""},"class_list":["post-84","page","type-page","status-publish","czr-hentry"],"yoast_head":"<!-- This site is optimized with the Yoast SEO plugin v27.3 - https:\/\/yoast.com\/product\/yoast-seo-wordpress\/ -->\n<title>Pfarrkirche - Pfarrei St. Willibald<\/title>\n<meta name=\"robots\" content=\"index, follow, max-snippet:-1, max-image-preview:large, max-video-preview:-1\" \/>\n<link rel=\"canonical\" href=\"https:\/\/www.pfarrverband-salvator-mundi.de\/st-willibald\/pfarrkirche-2\/\" \/>\n<meta property=\"og:locale\" content=\"de_DE\" \/>\n<meta property=\"og:type\" content=\"article\" \/>\n<meta property=\"og:title\" content=\"Pfarrkirche - Pfarrei St. Willibald\" \/>\n<meta property=\"og:description\" content=\"Unsere Pfarrkirche DIE GESCHICHTE Die Kirche wurde 1958 nach Pl\u00e4nen des Architekten Hansjakob Lill im Osten des Stadtteils Pasing errichtet. Kirchenpatron ist der Heilige Willibald von Eichst\u00e4tt. Die Entstehung der Kirche f\u00e4llt zusammen mit der Neuordnung der Pfarreien in M\u00fcnchen. Nach dem sprunghaften Anstieg der Einwohnerzahl in den 1950er Jahren sollten die gro\u00dfen, un\u00fcbersichtlich gewordenen [&hellip;]\" \/>\n<meta property=\"og:url\" content=\"https:\/\/www.pfarrverband-salvator-mundi.de\/st-willibald\/pfarrkirche-2\/\" \/>\n<meta property=\"og:site_name\" content=\"Pfarrei St. Willibald\" \/>\n<meta property=\"article:modified_time\" content=\"2023-07-27T09:04:55+00:00\" \/>\n<meta property=\"og:image\" content=\"https:\/\/www.pfarrverband-salvator-mundi.de\/st-willibald\/wp-content\/uploads\/sites\/4\/2016\/03\/1024px-Muenchen_St_Willibald_Orgel.jpg\" \/>\n<meta name=\"twitter:card\" content=\"summary_large_image\" \/>\n<meta name=\"twitter:label1\" content=\"Gesch\u00e4tzte Lesezeit\" \/>\n\t<meta name=\"twitter:data1\" content=\"1\u00a0Minute\" \/>\n<script type=\"application\/ld+json\" class=\"yoast-schema-graph\">{\"@context\":\"https:\\\/\\\/schema.org\",\"@graph\":[{\"@type\":\"WebPage\",\"@id\":\"https:\\\/\\\/www.pfarrverband-salvator-mundi.de\\\/st-willibald\\\/pfarrkirche-2\\\/\",\"url\":\"https:\\\/\\\/www.pfarrverband-salvator-mundi.de\\\/st-willibald\\\/pfarrkirche-2\\\/\",\"name\":\"Pfarrkirche - Pfarrei St. Willibald\",\"isPartOf\":{\"@id\":\"https:\\\/\\\/www.pfarrverband-salvator-mundi.de\\\/st-willibald\\\/#website\"},\"primaryImageOfPage\":{\"@id\":\"https:\\\/\\\/www.pfarrverband-salvator-mundi.de\\\/st-willibald\\\/pfarrkirche-2\\\/#primaryimage\"},\"image\":{\"@id\":\"https:\\\/\\\/www.pfarrverband-salvator-mundi.de\\\/st-willibald\\\/pfarrkirche-2\\\/#primaryimage\"},\"thumbnailUrl\":\"https:\\\/\\\/www.pfarrverband-salvator-mundi.de\\\/st-willibald\\\/wp-content\\\/uploads\\\/sites\\\/4\\\/2016\\\/03\\\/1024px-Muenchen_St_Willibald_Orgel.jpg\",\"datePublished\":\"2016-03-04T09:56:08+00:00\",\"dateModified\":\"2023-07-27T09:04:55+00:00\",\"breadcrumb\":{\"@id\":\"https:\\\/\\\/www.pfarrverband-salvator-mundi.de\\\/st-willibald\\\/pfarrkirche-2\\\/#breadcrumb\"},\"inLanguage\":\"de\",\"potentialAction\":[{\"@type\":\"ReadAction\",\"target\":[\"https:\\\/\\\/www.pfarrverband-salvator-mundi.de\\\/st-willibald\\\/pfarrkirche-2\\\/\"]}]},{\"@type\":\"ImageObject\",\"inLanguage\":\"de\",\"@id\":\"https:\\\/\\\/www.pfarrverband-salvator-mundi.de\\\/st-willibald\\\/pfarrkirche-2\\\/#primaryimage\",\"url\":\"https:\\\/\\\/www.pfarrverband-salvator-mundi.de\\\/st-willibald\\\/wp-content\\\/uploads\\\/sites\\\/4\\\/2016\\\/03\\\/1024px-Muenchen_St_Willibald_Orgel.jpg\",\"contentUrl\":\"https:\\\/\\\/www.pfarrverband-salvator-mundi.de\\\/st-willibald\\\/wp-content\\\/uploads\\\/sites\\\/4\\\/2016\\\/03\\\/1024px-Muenchen_St_Willibald_Orgel.jpg\",\"width\":215,\"height\":215},{\"@type\":\"BreadcrumbList\",\"@id\":\"https:\\\/\\\/www.pfarrverband-salvator-mundi.de\\\/st-willibald\\\/pfarrkirche-2\\\/#breadcrumb\",\"itemListElement\":[{\"@type\":\"ListItem\",\"position\":1,\"name\":\"Home\",\"item\":\"https:\\\/\\\/www.pfarrverband-salvator-mundi.de\\\/st-willibald\\\/\"},{\"@type\":\"ListItem\",\"position\":2,\"name\":\"Pfarrkirche\"}]},{\"@type\":\"WebSite\",\"@id\":\"https:\\\/\\\/www.pfarrverband-salvator-mundi.de\\\/st-willibald\\\/#website\",\"url\":\"https:\\\/\\\/www.pfarrverband-salvator-mundi.de\\\/st-willibald\\\/\",\"name\":\"Pfarrei St. Willibald\",\"description\":\"Teil des Pfarrverbands Salvator Mundi\",\"potentialAction\":[{\"@type\":\"SearchAction\",\"target\":{\"@type\":\"EntryPoint\",\"urlTemplate\":\"https:\\\/\\\/www.pfarrverband-salvator-mundi.de\\\/st-willibald\\\/?s={search_term_string}\"},\"query-input\":{\"@type\":\"PropertyValueSpecification\",\"valueRequired\":true,\"valueName\":\"search_term_string\"}}],\"inLanguage\":\"de\"}]}<\/script>\n<!-- \/ Yoast SEO plugin. -->","yoast_head_json":{"title":"Pfarrkirche - Pfarrei St. Willibald","robots":{"index":"index","follow":"follow","max-snippet":"max-snippet:-1","max-image-preview":"max-image-preview:large","max-video-preview":"max-video-preview:-1"},"canonical":"https:\/\/www.pfarrverband-salvator-mundi.de\/st-willibald\/pfarrkirche-2\/","og_locale":"de_DE","og_type":"article","og_title":"Pfarrkirche - Pfarrei St. Willibald","og_description":"Unsere Pfarrkirche DIE GESCHICHTE Die Kirche wurde 1958 nach Pl\u00e4nen des Architekten Hansjakob Lill im Osten des Stadtteils Pasing errichtet. Kirchenpatron ist der Heilige Willibald von Eichst\u00e4tt. Die Entstehung der Kirche f\u00e4llt zusammen mit der Neuordnung der Pfarreien in M\u00fcnchen. Nach dem sprunghaften Anstieg der Einwohnerzahl in den 1950er Jahren sollten die gro\u00dfen, un\u00fcbersichtlich gewordenen [&hellip;]","og_url":"https:\/\/www.pfarrverband-salvator-mundi.de\/st-willibald\/pfarrkirche-2\/","og_site_name":"Pfarrei St. Willibald","article_modified_time":"2023-07-27T09:04:55+00:00","og_image":[{"url":"https:\/\/www.pfarrverband-salvator-mundi.de\/st-willibald\/wp-content\/uploads\/sites\/4\/2016\/03\/1024px-Muenchen_St_Willibald_Orgel.jpg","type":"","width":"","height":""}],"twitter_card":"summary_large_image","twitter_misc":{"Gesch\u00e4tzte Lesezeit":"1\u00a0Minute"},"schema":{"@context":"https:\/\/schema.org","@graph":[{"@type":"WebPage","@id":"https:\/\/www.pfarrverband-salvator-mundi.de\/st-willibald\/pfarrkirche-2\/","url":"https:\/\/www.pfarrverband-salvator-mundi.de\/st-willibald\/pfarrkirche-2\/","name":"Pfarrkirche - Pfarrei St. Willibald","isPartOf":{"@id":"https:\/\/www.pfarrverband-salvator-mundi.de\/st-willibald\/#website"},"primaryImageOfPage":{"@id":"https:\/\/www.pfarrverband-salvator-mundi.de\/st-willibald\/pfarrkirche-2\/#primaryimage"},"image":{"@id":"https:\/\/www.pfarrverband-salvator-mundi.de\/st-willibald\/pfarrkirche-2\/#primaryimage"},"thumbnailUrl":"https:\/\/www.pfarrverband-salvator-mundi.de\/st-willibald\/wp-content\/uploads\/sites\/4\/2016\/03\/1024px-Muenchen_St_Willibald_Orgel.jpg","datePublished":"2016-03-04T09:56:08+00:00","dateModified":"2023-07-27T09:04:55+00:00","breadcrumb":{"@id":"https:\/\/www.pfarrverband-salvator-mundi.de\/st-willibald\/pfarrkirche-2\/#breadcrumb"},"inLanguage":"de","potentialAction":[{"@type":"ReadAction","target":["https:\/\/www.pfarrverband-salvator-mundi.de\/st-willibald\/pfarrkirche-2\/"]}]},{"@type":"ImageObject","inLanguage":"de","@id":"https:\/\/www.pfarrverband-salvator-mundi.de\/st-willibald\/pfarrkirche-2\/#primaryimage","url":"https:\/\/www.pfarrverband-salvator-mundi.de\/st-willibald\/wp-content\/uploads\/sites\/4\/2016\/03\/1024px-Muenchen_St_Willibald_Orgel.jpg","contentUrl":"https:\/\/www.pfarrverband-salvator-mundi.de\/st-willibald\/wp-content\/uploads\/sites\/4\/2016\/03\/1024px-Muenchen_St_Willibald_Orgel.jpg","width":215,"height":215},{"@type":"BreadcrumbList","@id":"https:\/\/www.pfarrverband-salvator-mundi.de\/st-willibald\/pfarrkirche-2\/#breadcrumb","itemListElement":[{"@type":"ListItem","position":1,"name":"Home","item":"https:\/\/www.pfarrverband-salvator-mundi.de\/st-willibald\/"},{"@type":"ListItem","position":2,"name":"Pfarrkirche"}]},{"@type":"WebSite","@id":"https:\/\/www.pfarrverband-salvator-mundi.de\/st-willibald\/#website","url":"https:\/\/www.pfarrverband-salvator-mundi.de\/st-willibald\/","name":"Pfarrei St. Willibald","description":"Teil des Pfarrverbands Salvator Mundi","potentialAction":[{"@type":"SearchAction","target":{"@type":"EntryPoint","urlTemplate":"https:\/\/www.pfarrverband-salvator-mundi.de\/st-willibald\/?s={search_term_string}"},"query-input":{"@type":"PropertyValueSpecification","valueRequired":true,"valueName":"search_term_string"}}],"inLanguage":"de"}]}},"_links":{"self":[{"href":"https:\/\/www.pfarrverband-salvator-mundi.de\/st-willibald\/wp-json\/wp\/v2\/pages\/84","targetHints":{"allow":["GET"]}}],"collection":[{"href":"https:\/\/www.pfarrverband-salvator-mundi.de\/st-willibald\/wp-json\/wp\/v2\/pages"}],"about":[{"href":"https:\/\/www.pfarrverband-salvator-mundi.de\/st-willibald\/wp-json\/wp\/v2\/types\/page"}],"author":[{"embeddable":true,"href":"https:\/\/www.pfarrverband-salvator-mundi.de\/st-willibald\/wp-json\/wp\/v2\/users\/1"}],"replies":[{"embeddable":true,"href":"https:\/\/www.pfarrverband-salvator-mundi.de\/st-willibald\/wp-json\/wp\/v2\/comments?post=84"}],"version-history":[{"count":8,"href":"https:\/\/www.pfarrverband-salvator-mundi.de\/st-willibald\/wp-json\/wp\/v2\/pages\/84\/revisions"}],"predecessor-version":[{"id":656,"href":"https:\/\/www.pfarrverband-salvator-mundi.de\/st-willibald\/wp-json\/wp\/v2\/pages\/84\/revisions\/656"}],"wp:attachment":[{"href":"https:\/\/www.pfarrverband-salvator-mundi.de\/st-willibald\/wp-json\/wp\/v2\/media?parent=84"}],"curies":[{"name":"wp","href":"https:\/\/api.w.org\/{rel}","templated":true}]}}